Last updated on 2023-09-29 21:53:58 CEST.
Flavor | Version | Tinstall | Tcheck | Ttotal | Status | Flags |
---|---|---|---|---|---|---|
r-devel-linux-x86_64-debian-clang | 4.5.4 | 103.81 | 220.70 | 324.51 | NOTE | |
r-devel-linux-x86_64-debian-gcc | 4.5.4 | 82.45 | 159.60 | 242.05 | NOTE | |
r-devel-linux-x86_64-fedora-clang | 4.5.4 | 437.50 | NOTE | |||
r-devel-linux-x86_64-fedora-gcc | 4.5.4 | 404.56 | NOTE | |||
r-devel-windows-x86_64 | 4.5.4 | 81.00 | 212.00 | 293.00 | NOTE | |
r-patched-linux-x86_64 | 4.5.4 | 113.93 | 208.38 | 322.31 | NOTE | |
r-release-linux-x86_64 | 4.5.4 | 115.64 | 209.93 | 325.57 | NOTE | |
r-release-macos-arm64 | 4.5.4 | 122.00 | NOTE | |||
r-release-macos-x86_64 | 4.5.4 | 268.00 | NOTE | |||
r-release-windows-x86_64 | 4.5.4 | 110.00 | 247.00 | 357.00 | NOTE | |
r-oldrel-macos-arm64 | 4.5.4 | 119.00 | NOTE | |||
r-oldrel-macos-x86_64 | 4.5.4 | 146.00 | NOTE | |||
r-oldrel-windows-x86_64 | 4.5.4 | 99.00 | 229.00 | 328.00 | NOTE |
Version: 4.5.4
Check: package dependencies
Result: NOTE
Package suggested but not available for checking: ‘gurobi’
Flavors: r-devel-linux-x86_64-debian-clang, r-devel-linux-x86_64-debian-gcc, r-devel-linux-x86_64-fedora-clang, r-devel-linux-x86_64-fedora-gcc, r-devel-windows-x86_64, r-patched-linux-x86_64, r-release-linux-x86_64, r-release-macos-arm64, r-release-macos-x86_64, r-release-windows-x86_64, r-oldrel-macos-arm64, r-oldrel-macos-x86_64, r-oldrel-windows-x86_64
Version: 4.5.4
Check: installed package size
Result: NOTE
installed size is 6.0Mb
sub-directories of 1Mb or more:
doc 1.4Mb
libs 3.5Mb
Flavors: r-release-macos-arm64, r-release-macos-x86_64, r-oldrel-macos-arm64, r-oldrel-macos-x86_64