CRAN Package Check Results for Package MatchIt

Last updated on 2021-05-14 23:50:51 CEST.

Flavor Version Tinstall Tcheck Ttotal Status Flags
r-devel-linux-x86_64-debian-clang 4.1.0 74.63 207.99 282.62 WARN
r-devel-linux-x86_64-debian-gcc 4.1.0 44.35 166.47 210.82 OK
r-devel-linux-x86_64-fedora-clang 4.1.0 369.73 OK
r-devel-linux-x86_64-fedora-gcc 4.1.0 350.07 OK
r-devel-windows-ix86+x86_64 4.1.0 150.00 304.00 454.00 OK
r-devel-windows-x86_64-gcc10-UCRT 4.1.0 OK
r-patched-linux-x86_64 4.1.0 57.74 212.46 270.20 OK
r-patched-solaris-x86 4.1.0 408.60 OK
r-release-linux-x86_64 4.1.0 55.90 210.30 266.20 OK
r-release-macos-x86_64 4.1.0 OK
r-release-windows-ix86+x86_64 4.1.0 117.00 309.00 426.00 OK
r-oldrel-macos-x86_64 4.1.0 OK
r-oldrel-windows-ix86+x86_64 4.1.0 122.00 300.00 422.00 OK

Check Details

Version: 4.1.0
Check: re-building of vignette outputs
Result: WARN
    Error(s) in re-building vignettes:
     ...
    --- re-building 'MatchIt.Rmd' using rmarkdown
    Loading required package: zoo
    
    Attaching package: 'zoo'
    
    The following objects are masked from 'package:base':
    
     as.Date, as.Date.numeric
    
    --- finished re-building 'MatchIt.Rmd'
    
    --- re-building 'assessing-balance.Rmd' using rmarkdown
     cobalt (Version 4.3.1, Build Date: 2021-03-30 09:50:18 UTC)
    
    Attaching package: 'cobalt'
    
    The following object is masked _by_ '.GlobalEnv':
    
     lalonde
    
    The following object is masked from 'package:MatchIt':
    
     lalonde
    
    --- finished re-building 'assessing-balance.Rmd'
    
    --- re-building 'estimating-effects.Rmd' using rmarkdown
    Loading required package: zoo
    
    Attaching package: 'zoo'
    
    The following objects are masked from 'package:base':
    
     as.Date, as.Date.numeric
    
    
    Attaching package: 'survival'
    
    The following object is masked from 'package:boot':
    
     aml
    
    
     *** caught segfault ***
    address 0x1f50, cause 'memory not mapped'
    malloc(): unsorted double linked list corrupted
    Aborted
    --- re-building 'matching-methods.Rmd' using rmarkdown
    --- finished re-building 'matching-methods.Rmd'
    
    --- re-building 'sampling-weights.Rmd' using rmarkdown
    Loading required package: zoo
    
    Attaching package: 'zoo'
    
    The following objects are masked from 'package:base':
    
     as.Date, as.Date.numeric
    
    --- finished re-building 'sampling-weights.Rmd'
    
    SUMMARY: processing the following file failed:
     'estimating-effects.Rmd'
    
    Error: Vignette re-building failed.
    Execution halted
Flavor: r-devel-linux-x86_64-debian-clang