CRAN Package Check Results for Package MatchThem

Last updated on 2024-06-12 22:56:32 CEST.

Flavor Version Tinstall Tcheck Ttotal Status Flags
r-devel-linux-x86_64-debian-clang 1.2.1 19.57 140.43 160.00 OK
r-devel-linux-x86_64-debian-gcc 1.2.1 0.40 1.78 2.18 ERROR
r-devel-linux-x86_64-fedora-clang 1.2.1 197.15 OK
r-devel-linux-x86_64-fedora-gcc 1.2.1 204.77 OK
r-devel-windows-x86_64 1.2.1 15.00 119.00 134.00 OK
r-patched-linux-x86_64 1.2.1 13.94 134.46 148.40 OK
r-release-linux-x86_64 1.2.1 14.40 136.77 151.17 OK
r-release-macos-arm64 1.2.1 62.00 OK
r-release-macos-x86_64 1.2.1 92.00 OK
r-release-windows-x86_64 1.2.1 15.00 118.00 133.00 OK
r-oldrel-macos-arm64 1.2.1 69.00 OK
r-oldrel-macos-x86_64 1.2.1 110.00 OK
r-oldrel-windows-x86_64 1.2.1 19.00 154.00 173.00 OK

Check Details

Version: 1.2.1
Check: package dependencies
Result: ERROR Packages required but not available: 'mice', 'WeightIt' Package suggested but not available for checking: ‘cobalt’ See section ‘The DESCRIPTION file’ in the ‘Writing R Extensions’ manual. Flavor: r-devel-linux-x86_64-debian-gcc