CRAN Package Check Results for Package MazamaCoreUtils

Last updated on 2021-06-11 22:54:14 CEST.

Flavor Version Tinstall Tcheck Ttotal Status Flags
r-devel-linux-x86_64-debian-clang 0.4.6 3.29 54.48 57.77 NOTE
r-devel-linux-x86_64-debian-gcc 0.4.6 2.86 41.99 44.85 NOTE
r-devel-linux-x86_64-fedora-clang 0.4.6 78.55 NOTE
r-devel-linux-x86_64-fedora-gcc 0.4.6 71.68 NOTE
r-devel-windows-x86_64 0.4.6 7.00 90.00 97.00 ERROR
r-devel-windows-x86_64-gcc10-UCRT 0.4.6 NOTE
r-patched-linux-x86_64 0.4.6 3.73 52.90 56.63 NOTE
r-patched-solaris-x86 0.4.6 92.40 NOTE
r-release-linux-x86_64 0.4.6 3.42 52.61 56.03 NOTE
r-release-macos-arm64 0.4.6 NOTE
r-release-macos-x86_64 0.4.6 NOTE
r-release-windows-ix86+x86_64 0.4.6 8.00 90.00 98.00 NOTE
r-oldrel-macos-x86_64 0.4.6 OK
r-oldrel-windows-ix86+x86_64 0.4.6 10.00 95.00 105.00 OK

Check Details

Version: 0.4.6
Check: LazyData
Result: NOTE
     'LazyData' is specified without a 'data' directory
Flavors: r-devel-linux-x86_64-debian-clang, r-devel-linux-x86_64-debian-gcc, r-devel-linux-x86_64-fedora-clang, r-devel-linux-x86_64-fedora-gcc, r-devel-windows-x86_64, r-devel-windows-x86_64-gcc10-UCRT, r-patched-linux-x86_64, r-patched-solaris-x86, r-release-linux-x86_64, r-release-macos-arm64, r-release-macos-x86_64, r-release-windows-ix86+x86_64

Version: 0.4.6
Check: examples
Result: ERROR
    Running examples in 'MazamaCoreUtils-Ex.R' failed
    The error most likely occurred in:
    
    > ### Name: html_getTables
    > ### Title: Find all tables in an html page
    > ### Aliases: html_getTables html_getTable
    >
    > ### ** Examples
    >
    > library(MazamaCoreUtils)
    >
    > # Wikipedia's list of timezones
    > url <- "http://en.wikipedia.org/wiki/List_of_tz_database_time_zones"
    >
    > # Extract tables
    > tables <- html_getTables(url)
    ERROR [2021-06-08 13:59:23] Error in open.connection(x, "rb") :
     Failed to connect to en.wikipedia.org port 80: Timed out
    ERROR [2021-06-08 13:59:23] Error in open.connection(x, "rb") :
     Failed to connect to en.wikipedia.org port 80: Timed out
    ERROR [2021-06-08 13:59:23] Error in open.connection(x, "rb") :
     Failed to connect to en.wikipedia.org port 80: Timed out
    ERROR [2021-06-08 13:59:23] Error in open.connection(x, "rb") :
     Failed to connect to en.wikipedia.org port 80: Timed out
    ERROR [2021-06-08 13:59:23] Error in open.connection(x, "rb") :
     Failed to connect to en.wikipedia.org port 80: Timed out
    ERROR [2021-06-08 13:59:23] Error in open.connection(x, "rb") :
     Failed to connect to en.wikipedia.org port 80: Timed out
    Error: Error in open.connection(x, "rb") :
     Failed to connect to en.wikipedia.org port 80: Timed out
    Execution halted
Flavor: r-devel-windows-x86_64