CRAN Package Check Results for Package MazamaSpatialPlots

Last updated on 2022-08-08 22:55:50 CEST.

Flavor Version Tinstall Tcheck Ttotal Status Flags
r-devel-linux-x86_64-debian-clang 0.1.2 41.31 393.10 434.41 OK
r-devel-linux-x86_64-debian-gcc 0.1.2 30.15 292.52 322.67 OK
r-devel-linux-x86_64-fedora-clang 0.1.2 496.67 NOTE
r-devel-linux-x86_64-fedora-gcc 0.1.2 512.16 NOTE
r-devel-windows-x86_64 0.1.2 70.00 413.00 483.00 OK
r-patched-linux-x86_64 0.1.2 32.01 373.95 405.96 OK
r-release-linux-x86_64 0.1.2 OK
r-release-macos-arm64 0.1.2 135.00 NOTE
r-release-macos-x86_64 0.1.2 213.00 NOTE
r-release-windows-x86_64 0.1.2 106.00 406.00 512.00 OK
r-oldrel-macos-arm64 0.1.2 94.00 NOTE
r-oldrel-macos-x86_64 0.1.2 107.00 NOTE
r-oldrel-windows-ix86+x86_64 0.1.2 110.00 436.00 546.00 OK

Check Details

Version: 0.1.2
Check: dependencies in R code
Result: NOTE
    Namespace in Imports field not imported from: ‘sf’
     All declared Imports should be used.
Flavors: r-devel-linux-x86_64-fedora-clang, r-devel-linux-x86_64-fedora-gcc, r-release-macos-arm64, r-release-macos-x86_64, r-oldrel-macos-arm64, r-oldrel-macos-x86_64

Version: 0.1.2
Check: data for non-ASCII characters
Result: NOTE
     Note: found 18 marked UTF-8 strings
Flavors: r-devel-linux-x86_64-fedora-clang, r-devel-linux-x86_64-fedora-gcc, r-release-macos-arm64, r-release-macos-x86_64, r-oldrel-macos-arm64, r-oldrel-macos-x86_64