CRAN Package Check Results for Package MazamaSpatialUtils

Last updated on 2022-07-06 21:53:44 CEST.

Flavor Version Tinstall Tcheck Ttotal Status Flags
r-devel-linux-x86_64-debian-clang 0.7.6 10.86 102.87 113.73 OK
r-devel-linux-x86_64-debian-gcc 0.7.6 7.44 77.50 84.94 OK
r-devel-linux-x86_64-fedora-clang 0.7.6 144.05 NOTE
r-devel-linux-x86_64-fedora-gcc 0.7.6 143.33 NOTE
r-devel-windows-x86_64 0.7.6 269.00 165.00 434.00 OK
r-patched-linux-x86_64 0.7.6 9.22 98.97 108.19 OK
r-release-linux-x86_64 0.7.6 7.56 100.04 107.60 OK
r-release-macos-arm64 0.7.6 47.00 NOTE
r-release-macos-x86_64 0.7.6 79.00 NOTE
r-release-windows-x86_64 0.7.6 369.00 184.00 553.00 OK
r-oldrel-macos-arm64 0.7.6 42.00 NOTE
r-oldrel-macos-x86_64 0.7.6 65.00 NOTE
r-oldrel-windows-ix86+x86_64 0.7.6 45.00 163.00 208.00 OK

Check Details

Version: 0.7.6
Check: data for non-ASCII characters
Result: NOTE
     Note: found 17 marked UTF-8 strings
Flavors: r-devel-linux-x86_64-fedora-clang, r-devel-linux-x86_64-fedora-gcc, r-release-macos-arm64, r-release-macos-x86_64, r-oldrel-macos-arm64, r-oldrel-macos-x86_64