CRAN Package Check Results for Package MazamaSpatialUtils

Last updated on 2021-06-12 22:55:13 CEST.

Flavor Version Tinstall Tcheck Ttotal Status Flags
r-devel-linux-x86_64-debian-clang 0.7.3 9.36 92.11 101.47 OK
r-devel-linux-x86_64-debian-gcc 0.7.3 7.68 71.73 79.41 OK
r-devel-linux-x86_64-fedora-clang 0.7.3 131.57 NOTE
r-devel-linux-x86_64-fedora-gcc 0.7.3 125.18 NOTE
r-devel-windows-x86_64 0.7.3 26.00 178.00 204.00 OK
r-devel-windows-x86_64-gcc10-UCRT 0.7.3 ERROR
r-patched-linux-x86_64 0.7.3 9.70 87.49 97.19 OK
r-patched-solaris-x86 0.7.3 170.90 NOTE
r-release-linux-x86_64 0.7.3 8.67 88.70 97.37 OK
r-release-macos-arm64 0.7.3 NOTE
r-release-macos-x86_64 0.7.3 NOTE
r-release-windows-ix86+x86_64 0.7.3 30.00 160.00 190.00 OK
r-oldrel-macos-x86_64 0.7.3 NOTE
r-oldrel-windows-ix86+x86_64 0.7.3 32.00 165.00 197.00 OK

Check Details

Version: 0.7.3
Check: dependencies in R code
Result: NOTE
    Namespace in Imports field not imported from: ‘tidyr’
     All declared Imports should be used.
Flavors: r-devel-linux-x86_64-fedora-clang, r-devel-linux-x86_64-fedora-gcc, r-patched-solaris-x86, r-release-macos-arm64, r-release-macos-x86_64, r-oldrel-macos-x86_64

Version: 0.7.3
Check: data for non-ASCII characters
Result: NOTE
     Note: found 17 marked UTF-8 strings
Flavors: r-devel-linux-x86_64-fedora-clang, r-devel-linux-x86_64-fedora-gcc, r-patched-solaris-x86, r-release-macos-arm64, r-release-macos-x86_64, r-oldrel-macos-x86_64

Version: 0.7.3
Check: package dependencies
Result: ERROR
    Package required but not available: 'rmapshaper'
    
    See section 'The DESCRIPTION file' in the 'Writing R Extensions'
    manual.
Flavor: r-devel-windows-x86_64-gcc10-UCRT