Last updated on 2024-04-18 22:52:48 CEST.
Flavor | Version | Tinstall | Tcheck | Ttotal | Status | Flags |
---|---|---|---|---|---|---|
r-devel-linux-x86_64-debian-clang | 1.2.0 | 12.73 | 99.72 | 112.45 | NOTE | |
r-devel-linux-x86_64-debian-gcc | 1.2.0 | 8.97 | 74.09 | 83.06 | NOTE | |
r-devel-linux-x86_64-fedora-clang | 1.2.0 | 139.16 | NOTE | |||
r-devel-linux-x86_64-fedora-gcc | 1.2.0 | 149.62 | NOTE | |||
r-prerel-macos-arm64 | 1.2.0 | 44.00 | OK | |||
r-prerel-windows-x86_64 | 1.2.0 | 9.00 | 84.00 | 93.00 | OK | |
r-patched-linux-x86_64 | 1.2.0 | 10.55 | 94.27 | 104.82 | NOTE | |
r-release-linux-x86_64 | 1.2.0 | 9.28 | 97.01 | 106.29 | NOTE | |
r-release-macos-arm64 | 1.2.0 | 48.00 | OK | |||
r-release-macos-x86_64 | 1.2.0 | 79.00 | OK | |||
r-release-windows-x86_64 | 1.2.0 | 13.00 | 104.00 | 117.00 | OK | |
r-oldrel-macos-arm64 | 1.2.0 | 26.00 | OK | |||
r-oldrel-windows-x86_64 | 1.2.0 | 12.00 | 107.00 | 119.00 | OK |
Version: 1.2.0
Check: for non-standard things in the check directory
Result: NOTE
Found the following files/directories:
‘cycHumanBloodData.csv’ ‘cycHumanBloodDesign.csv’
‘cycMouseLiverProtein.txt’ ‘cycMouseLiverRNA.csv’ ‘cycSimu4h2d.csv’
‘cycYeastCycle.csv’ ‘example’
Flavors: r-devel-linux-x86_64-debian-clang, r-devel-linux-x86_64-debian-gcc, r-devel-linux-x86_64-fedora-clang, r-devel-linux-x86_64-fedora-gcc, r-patched-linux-x86_64, r-release-linux-x86_64