Last updated on 2024-03-28 23:01:50 CET.
Flavor | Version | Tinstall | Tcheck | Ttotal | Status | Flags |
---|---|---|---|---|---|---|
r-devel-linux-x86_64-debian-clang | 2.0.0 | 42.24 | 438.72 | 480.96 | NOTE | |
r-devel-linux-x86_64-debian-gcc | 2.0.0 | 32.12 | 308.07 | 340.19 | NOTE | |
r-devel-linux-x86_64-fedora-clang | 2.0.0 | 553.52 | NOTE | |||
r-devel-linux-x86_64-fedora-gcc | 2.0.0 | 564.86 | NOTE | |||
r-devel-windows-x86_64 | 2.0.0 | 31.00 | 319.00 | 350.00 | NOTE | |
r-patched-linux-x86_64 | 2.0.0 | 37.37 | 413.38 | 450.75 | NOTE | |
r-release-linux-x86_64 | 2.0.0 | 39.76 | 409.91 | 449.67 | OK | |
r-release-macos-arm64 | 2.0.0 | 157.00 | NOTE | |||
r-release-macos-x86_64 | 2.0.0 | 293.00 | NOTE | |||
r-release-windows-x86_64 | 2.0.0 | 43.00 | 404.00 | 447.00 | NOTE | |
r-oldrel-macos-arm64 | 2.0.0 | 133.00 | NOTE | |||
r-oldrel-windows-x86_64 | 2.0.0 | 43.00 | 399.00 | 442.00 | NOTE |
Version: 2.0.0
Check: Rd files
Result: NOTE
checkRd: (-1) rland.graph.Rd:27: Lost braces in \itemize; \value handles \item{}{} directly
checkRd: (-1) rland.graph.Rd:28: Lost braces in \itemize; \value handles \item{}{} directly
checkRd: (-1) rland.graph.Rd:29: Lost braces in \itemize; \value handles \item{}{} directly
checkRd: (-1) rland.graph.Rd:30: Lost braces in \itemize; \value handles \item{}{} directly
checkRd: (-1) rland.graph.Rd:31: Lost braces in \itemize; \value handles \item{}{} directly
checkRd: (-1) rland.graph.Rd:32: Lost braces in \itemize; \value handles \item{}{} directly
checkRd: (-1) rland.graph.Rd:33-34: Lost braces in \itemize; \value handles \item{}{} directly
Flavors: r-devel-linux-x86_64-debian-clang, r-devel-linux-x86_64-debian-gcc, r-devel-linux-x86_64-fedora-clang, r-devel-linux-x86_64-fedora-gcc, r-devel-windows-x86_64, r-patched-linux-x86_64
Version: 2.0.0
Check: installed package size
Result: NOTE
installed size is 14.4Mb
sub-directories of 1Mb or more:
data 3.0Mb
examples 10.3Mb
Flavors: r-devel-linux-x86_64-fedora-clang, r-devel-windows-x86_64, r-release-macos-arm64, r-release-macos-x86_64, r-release-windows-x86_64, r-oldrel-macos-arm64, r-oldrel-windows-x86_64