CRAN Package Check Results for Package MetaLonDA

Last updated on 2020-02-24 22:50:29 CET.

Flavor Version Tinstall Tcheck Ttotal Status Flags
r-devel-linux-x86_64-debian-clang 1.1.8 5.69 178.15 183.84 OK
r-devel-linux-x86_64-debian-gcc 1.1.8 3.73 135.13 138.86 OK
r-devel-linux-x86_64-fedora-clang 1.1.8 227.49 OK
r-devel-linux-x86_64-fedora-gcc 1.1.8 210.45 OK
r-devel-windows-ix86+x86_64 1.1.8 14.00 251.00 265.00 OK
r-devel-windows-ix86+x86_64-gcc8 1.1.8 48.00 310.00 358.00 OK
r-patched-linux-x86_64 1.1.8 4.76 158.96 163.72 OK
r-patched-solaris-x86 1.1.8 4.30 ERROR
r-release-linux-x86_64 1.1.8 4.08 157.52 161.60 OK
r-release-windows-ix86+x86_64 1.1.8 13.00 239.00 252.00 OK
r-release-osx-x86_64 1.1.8 OK
r-oldrel-windows-ix86+x86_64 1.1.8 9.00 255.00 264.00 OK
r-oldrel-osx-x86_64 1.1.8 OK

Check Details

Version: 1.1.8
Check: package dependencies
Result: ERROR
    Package required but not available: ‘metagenomeSeq’
    
    See section ‘The DESCRIPTION file’ in the ‘Writing R Extensions’
    manual.
Flavor: r-patched-solaris-x86