CRAN Package Check Results for Package MetaLonDA

Last updated on 2019-09-17 22:48:11 CEST.

Flavor Version Tinstall Tcheck Ttotal Status Flags
r-devel-linux-x86_64-debian-clang 1.1.5 4.89 159.53 164.42 NOTE
r-devel-linux-x86_64-debian-gcc 1.1.5 4.07 122.63 126.70 NOTE
r-devel-linux-x86_64-fedora-clang 1.1.5 209.84 NOTE
r-devel-linux-x86_64-fedora-gcc 1.1.5 195.30 NOTE
r-devel-windows-ix86+x86_64 1.1.5 31.00 315.00 346.00 OK
r-patched-linux-x86_64 1.1.5 4.63 156.79 161.42 OK
r-patched-solaris-x86 1.1.5 4.00 ERROR
r-release-linux-x86_64 1.1.5 4.70 163.48 168.18 OK
r-release-windows-ix86+x86_64 1.1.5 14.00 237.00 251.00 OK
r-release-osx-x86_64 1.1.5 ERROR
r-oldrel-windows-ix86+x86_64 1.1.5 12.00 239.00 251.00 OK
r-oldrel-osx-x86_64 1.1.5 OK

Check Details

Version: 1.1.5
Check: for non-standard things in the check directory
Result: NOTE
    Found the following files/directories:
     'Test'
Flavors: r-devel-linux-x86_64-debian-clang, r-devel-linux-x86_64-debian-gcc, r-devel-linux-x86_64-fedora-clang, r-devel-linux-x86_64-fedora-gcc

Version: 1.1.5
Check: package dependencies
Result: ERROR
    Package required but not available: ‘metagenomeSeq’
    
    See section ‘The DESCRIPTION file’ in the ‘Writing R Extensions’
    manual.
Flavor: r-patched-solaris-x86

Version: 1.1.5
Check: package dependencies
Result: ERROR
    Packages required but not available: 'metagenomeSeq', 'DESeq2', 'edgeR'
    
    See section ‘The DESCRIPTION file’ in the ‘Writing R Extensions’
    manual.
Flavor: r-release-osx-x86_64