Last updated on 2024-04-17 22:59:58 CEST.
Flavor | Version | Tinstall | Tcheck | Ttotal | Status | Flags |
---|---|---|---|---|---|---|
r-devel-linux-x86_64-debian-clang | 1.0.0 | 537.83 | 233.31 | 771.14 | NOTE | |
r-devel-linux-x86_64-debian-gcc | 1.0.0 | 479.14 | 202.21 | 681.35 | NOTE | |
r-devel-linux-x86_64-fedora-clang | 1.0.0 | 955.70 | NOTE | |||
r-devel-linux-x86_64-fedora-gcc | 1.0.0 | 1272.18 | NOTE | |||
r-prerel-macos-arm64 | 1.0.0 | 242.00 | NOTE | |||
r-prerel-windows-x86_64 | 1.0.0 | 377.00 | 230.00 | 607.00 | NOTE | |
r-patched-linux-x86_64 | 1.0.0 | 395.59 | 270.25 | 665.84 | NOTE | |
r-release-linux-x86_64 | 1.0.0 | 414.40 | 266.73 | 681.13 | NOTE | |
r-release-macos-arm64 | 1.0.0 | 236.00 | NOTE | |||
r-release-macos-x86_64 | 1.0.0 | 368.00 | NOTE | |||
r-release-windows-x86_64 | 1.0.0 | 503.00 | 284.00 | 787.00 | NOTE | |
r-oldrel-macos-arm64 | 1.0.0 | 211.00 | NOTE | |||
r-oldrel-windows-x86_64 | 1.0.0 | 470.00 | 265.00 | 735.00 | NOTE |
Version: 1.0.0
Check: for GNU extensions in Makefiles
Result: NOTE
GNU make is a SystemRequirements.
Flavors: r-devel-linux-x86_64-debian-clang, r-devel-linux-x86_64-debian-gcc, r-devel-linux-x86_64-fedora-clang, r-devel-linux-x86_64-fedora-gcc, r-prerel-macos-arm64, r-prerel-windows-x86_64, r-patched-linux-x86_64, r-release-linux-x86_64, r-release-macos-arm64, r-release-macos-x86_64, r-release-windows-x86_64, r-oldrel-macos-arm64, r-oldrel-windows-x86_64
Version: 1.0.0
Check: installed package size
Result: NOTE
installed size is 5.6Mb
sub-directories of 1Mb or more:
libs 5.1Mb
Flavors: r-devel-linux-x86_64-fedora-clang, r-prerel-macos-arm64, r-release-macos-arm64, r-release-macos-x86_64, r-oldrel-macos-arm64