CRAN Package Check Results for Package MetaStan

Last updated on 2024-06-13 22:49:34 CEST.

Flavor Version Tinstall Tcheck Ttotal Status Flags
r-devel-linux-x86_64-debian-clang 1.0.0 567.03 232.72 799.75 NOTE
r-devel-linux-x86_64-debian-gcc 1.0.0 0.31 1.72 2.03 ERROR
r-devel-linux-x86_64-fedora-clang 1.0.0 965.11 NOTE
r-devel-linux-x86_64-fedora-gcc 1.0.0 764.70 NOTE
r-devel-windows-x86_64 1.0.0 378.00 237.00 615.00 NOTE
r-patched-linux-x86_64 1.0.0 379.15 262.29 641.44 NOTE
r-release-linux-x86_64 1.0.0 405.60 263.07 668.67 NOTE
r-release-macos-arm64 1.0.0 242.00 NOTE
r-release-macos-x86_64 1.0.0 323.00 NOTE
r-release-windows-x86_64 1.0.0 393.00 239.00 632.00 NOTE
r-oldrel-macos-arm64 1.0.0 236.00 NOTE
r-oldrel-macos-x86_64 1.0.0 368.00 NOTE
r-oldrel-windows-x86_64 1.0.0 496.00 287.00 783.00 NOTE

Check Details

Version: 1.0.0
Check: for GNU extensions in Makefiles
Result: NOTE GNU make is a SystemRequirements. Flavors: r-devel-linux-x86_64-debian-clang, r-devel-linux-x86_64-fedora-clang, r-devel-linux-x86_64-fedora-gcc, r-devel-windows-x86_64, r-patched-linux-x86_64, r-release-linux-x86_64, r-release-macos-arm64, r-release-macos-x86_64, r-release-windows-x86_64, r-oldrel-macos-arm64, r-oldrel-macos-x86_64, r-oldrel-windows-x86_64

Version: 1.0.0
Check: package dependencies
Result: ERROR Packages required but not available: 'rstan', 'loo' Packages suggested but not available for checking: 'testthat', 'ggplot2', 'shinystan', 'vdiffr' See section ‘The DESCRIPTION file’ in the ‘Writing R Extensions’ manual. Flavor: r-devel-linux-x86_64-debian-gcc

Version: 1.0.0
Check: installed package size
Result: NOTE installed size is 5.6Mb sub-directories of 1Mb or more: libs 5.1Mb Flavors: r-devel-linux-x86_64-fedora-clang, r-release-macos-arm64, r-release-macos-x86_64, r-oldrel-macos-arm64, r-oldrel-macos-x86_64