CRAN Package Check Results for Package MetabolAnalyze

Last updated on 2020-02-17 22:49:37 CET.

Flavor Version Tinstall Tcheck Ttotal Status Flags
r-devel-linux-x86_64-debian-clang 1.3.1 6.39 33.77 40.16 OK
r-devel-linux-x86_64-debian-gcc 1.3.1 4.57 26.85 31.42 OK
r-devel-linux-x86_64-fedora-clang 1.3.1 48.21 WARN
r-devel-linux-x86_64-fedora-gcc 1.3.1 46.56 OK
r-devel-windows-ix86+x86_64 1.3.1 9.00 50.00 59.00 OK
r-devel-windows-ix86+x86_64-gcc8 1.3.1 13.00 74.00 87.00 OK
r-patched-linux-x86_64 1.3.1 4.90 30.92 35.82 OK
r-patched-solaris-x86 1.3.1 68.00 OK
r-release-linux-x86_64 1.3.1 4.93 31.45 36.38 OK
r-release-windows-ix86+x86_64 1.3.1 9.00 39.00 48.00 OK
r-release-osx-x86_64 1.3.1 OK
r-oldrel-windows-ix86+x86_64 1.3.1 7.00 57.00 64.00 OK
r-oldrel-osx-x86_64 1.3.1 OK

Check Details

Version: 1.3.1
Check: package dependencies
Result: WARN
    Requires orphaned package: ‘gplots’
Flavor: r-devel-linux-x86_64-fedora-clang