CRAN Package Check Results for Package MetabolicSurv

Last updated on 2020-02-17 22:49:37 CET.

Flavor Version Tinstall Tcheck Ttotal Status Flags
r-devel-linux-x86_64-debian-clang 1.1.0 0.52 2.57 3.09 ERROR
r-devel-linux-x86_64-debian-gcc 1.1.0 14.19 107.85 122.04 OK
r-devel-linux-x86_64-fedora-clang 1.1.0 186.32 WARN
r-devel-linux-x86_64-fedora-gcc 1.1.0 183.58 OK
r-devel-windows-ix86+x86_64 1.1.0 29.00 154.00 183.00 OK
r-devel-windows-ix86+x86_64-gcc8 1.1.0 55.00 221.00 276.00 OK
r-patched-linux-x86_64 1.1.0 14.21 122.93 137.14 OK
r-patched-solaris-x86 1.1.0 263.50 OK
r-release-linux-x86_64 1.1.0 12.12 121.89 134.01 OK
r-release-windows-ix86+x86_64 1.1.0 29.00 137.00 166.00 OK
r-release-osx-x86_64 1.1.0 OK
r-oldrel-windows-ix86+x86_64 1.1.0 17.00 139.00 156.00 OK
r-oldrel-osx-x86_64 1.1.0 OK

Check Details

Version: 1.1.0
Check: package dependencies
Result: ERROR
    Package required but not available: 'rms'
    
    See section 'The DESCRIPTION file' in the 'Writing R Extensions'
    manual.
Flavor: r-devel-linux-x86_64-debian-clang

Version: 1.1.0
Check: package dependencies
Result: WARN
    Requires orphaned package: ‘gplots’
Flavor: r-devel-linux-x86_64-fedora-clang