Last updated on 2024-04-25 22:49:13 CEST.
Flavor | Version | Tinstall | Tcheck | Ttotal | Status | Flags |
---|---|---|---|---|---|---|
r-devel-linux-x86_64-debian-clang | 1.4.5 | 20.87 | 200.65 | 221.52 | OK | |
r-devel-linux-x86_64-debian-gcc | 1.4.5 | 15.31 | 145.83 | 161.14 | OK | |
r-devel-linux-x86_64-fedora-clang | 1.4.5 | 253.89 | NOTE | |||
r-devel-linux-x86_64-fedora-gcc | 1.4.5 | 265.11 | NOTE | |||
r-devel-windows-x86_64 | 1.4.5 | 19.00 | 152.00 | 171.00 | OK | |
r-patched-linux-x86_64 | 1.4.5 | 13.76 | 190.86 | 204.62 | OK | |
r-release-linux-x86_64 | 1.4.5 | 12.98 | 196.32 | 209.30 | OK | |
r-release-macos-arm64 | 1.4.5 | 75.00 | OK | |||
r-release-macos-x86_64 | 1.4.5 | 174.00 | OK | |||
r-release-windows-x86_64 | 1.4.5 | 18.00 | 159.00 | 177.00 | OK | |
r-oldrel-macos-arm64 | 1.4.5 | 87.00 | NOTE | |||
r-oldrel-macos-x86_64 | 1.4.5 | 161.00 | NOTE | |||
r-oldrel-windows-x86_64 | 1.4.5 | 25.00 | 183.00 | 208.00 | OK |
Version: 1.4.5
Check: package dependencies
Result: NOTE
Packages suggested but not available for checking: 'ropls', 'xcms'
Flavors: r-devel-linux-x86_64-fedora-clang, r-oldrel-macos-arm64, r-oldrel-macos-x86_64
Version: 1.4.5
Check: package dependencies
Result: NOTE
Package suggested but not available for checking: ‘ropls’
Flavor: r-devel-linux-x86_64-fedora-gcc