Last updated on 2024-03-18 22:03:15 CET.
Flavor | Version | Tinstall | Tcheck | Ttotal | Status | Flags |
---|---|---|---|---|---|---|
r-devel-linux-x86_64-debian-clang | 1.4.5 | 21.05 | 196.61 | 217.66 | OK | |
r-devel-linux-x86_64-debian-gcc | 1.4.5 | 16.80 | 151.54 | 168.34 | OK | |
r-devel-linux-x86_64-fedora-clang | 1.4.5 | 249.89 | NOTE | |||
r-devel-linux-x86_64-fedora-gcc | 1.4.5 | 242.63 | NOTE | |||
r-devel-windows-x86_64 | 1.4.5 | 18.00 | 152.00 | 170.00 | OK | |
r-patched-linux-x86_64 | 1.4.5 | 15.12 | 197.09 | 212.21 | OK | |
r-release-linux-x86_64 | 1.4.5 | 14.00 | 192.54 | 206.54 | OK | |
r-release-macos-arm64 | 1.4.5 | 87.00 | NOTE | |||
r-release-macos-x86_64 | 1.4.5 | 161.00 | NOTE | |||
r-release-windows-x86_64 | 1.4.5 | 23.00 | 194.00 | 217.00 | OK | |
r-oldrel-macos-arm64 | 1.4.5 | 76.00 | OK | |||
r-oldrel-windows-x86_64 | 1.4.5 | 26.00 | 183.00 | 209.00 | OK |
Version: 1.4.5
Check: package dependencies
Result: NOTE
Packages suggested but not available for checking: 'ropls', 'xcms'
Flavors: r-devel-linux-x86_64-fedora-clang, r-devel-linux-x86_64-fedora-gcc, r-release-macos-arm64, r-release-macos-x86_64