CRAN Package Check Results for Package MetricGraph

Last updated on 2024-03-03 22:58:55 CET.

Flavor Version Tinstall Tcheck Ttotal Status Flags
r-devel-linux-x86_64-debian-clang 1.2.0 91.66 234.46 326.12 NOTE
r-devel-linux-x86_64-debian-gcc 1.3.0 79.14 195.14 274.28 NOTE
r-devel-linux-x86_64-fedora-clang 1.3.0 351.61 OK
r-devel-linux-x86_64-fedora-gcc 1.3.0 443.25 OK
r-devel-windows-x86_64 1.3.0 70.00 210.00 280.00 OK
r-patched-linux-x86_64 1.3.0 75.13 239.39 314.52 NOTE
r-release-linux-x86_64 1.3.0 70.38 242.51 312.89 NOTE
r-release-macos-arm64 1.2.0 115.00 NOTE
r-release-macos-x86_64 1.3.0 301.00 NOTE
r-release-windows-x86_64 1.3.0 61.00 262.00 323.00 NOTE
r-oldrel-macos-arm64 1.2.0 116.00 NOTE
r-oldrel-windows-x86_64 1.3.0 91.00 242.00 333.00 NOTE

Check Details

Version: 1.2.0
Check: package dependencies
Result: NOTE Package suggested but not available for checking: ‘INLA’ Flavors: r-devel-linux-x86_64-debian-clang, r-release-macos-arm64, r-oldrel-macos-arm64

Version: 1.3.0
Check: package dependencies
Result: NOTE Package suggested but not available for checking: ‘INLA’ Flavors: r-devel-linux-x86_64-debian-gcc, r-patched-linux-x86_64, r-release-linux-x86_64, r-release-macos-x86_64, r-release-windows-x86_64, r-oldrel-windows-x86_64

Version: 1.2.0
Check: installed package size
Result: NOTE installed size is 13.1Mb sub-directories of 1Mb or more: libs 11.9Mb Flavors: r-release-macos-arm64, r-oldrel-macos-arm64

Version: 1.3.0
Check: installed package size
Result: NOTE installed size is 13.3Mb sub-directories of 1Mb or more: libs 12.0Mb Flavor: r-release-macos-x86_64