CRAN Package Check Results for Package MixMatrix

Last updated on 2024-02-23 23:10:11 CET.

Flavor Version Tinstall Tcheck Ttotal Status Flags
r-devel-linux-x86_64-debian-clang 0.2.6 NOTE
r-devel-linux-x86_64-debian-gcc 0.2.6 52.61 58.10 110.71 NOTE
r-devel-linux-x86_64-fedora-clang 0.2.6 198.49 NOTE
r-devel-linux-x86_64-fedora-gcc 0.2.6 208.47 NOTE
r-devel-windows-x86_64 0.2.6 50.00 110.00 160.00 NOTE
r-patched-linux-x86_64 0.2.6 57.17 76.66 133.83 NOTE
r-release-linux-x86_64 0.2.6 62.67 77.24 139.91 NOTE
r-release-macos-arm64 0.2.6 67.00 NOTE
r-release-macos-x86_64 0.2.6 98.00 NOTE
r-release-windows-x86_64 0.2.6 66.00 128.00 194.00 NOTE
r-oldrel-macos-arm64 0.2.6 49.00 OK
r-oldrel-windows-x86_64 0.2.6 65.00 110.00 175.00 OK

Check Details

Version: 0.2.6
Check: C++ specification
Result: NOTE Specified C++11: please drop specification unless essential Flavors: r-devel-linux-x86_64-debian-clang, r-devel-linux-x86_64-debian-gcc, r-devel-linux-x86_64-fedora-clang, r-devel-linux-x86_64-fedora-gcc, r-devel-windows-x86_64, r-patched-linux-x86_64, r-release-linux-x86_64, r-release-macos-arm64, r-release-macos-x86_64, r-release-windows-x86_64