CRAN Package Check Results for Package MixOptim

Last updated on 2021-12-01 22:53:17 CET.

Flavor Version Tinstall Tcheck Ttotal Status Flags
r-devel-linux-x86_64-debian-clang 0.1.2 4.84 234.56 239.40 NOTE
r-devel-linux-x86_64-debian-gcc 0.1.2 2.78 159.90 162.68 NOTE
r-devel-linux-x86_64-fedora-clang 0.1.2 285.63 NOTE
r-devel-linux-x86_64-fedora-gcc 0.1.2 273.48 NOTE
r-devel-windows-x86_64-new-UL 0.1.2 12.00 266.00 278.00 NOTE
r-devel-windows-x86_64-new-TK 0.1.2 NOTE
r-devel-windows-x86_64-old 0.1.2 10.00 200.00 210.00 NOTE
r-patched-linux-x86_64 0.1.2 4.77 210.47 215.24 NOTE
r-patched-solaris-x86 0.1.2 92.80 NOTE
r-release-linux-x86_64 0.1.2 4.49 208.02 212.51 NOTE
r-release-macos-arm64 0.1.2 NOTE
r-release-macos-x86_64 0.1.2 NOTE
r-release-windows-ix86+x86_64 0.1.2 14.00 271.00 285.00 NOTE
r-oldrel-macos-x86_64 0.1.2 NOTE
r-oldrel-windows-ix86+x86_64 0.1.2 14.00 267.00 281.00 OK

Check Details

Version: 0.1.2
Check: LazyData
Result: NOTE
     'LazyData' is specified without a 'data' directory
Flavors: r-devel-linux-x86_64-debian-clang, r-devel-linux-x86_64-debian-gcc, r-devel-linux-x86_64-fedora-clang, r-devel-linux-x86_64-fedora-gcc, r-devel-windows-x86_64-new-UL, r-devel-windows-x86_64-new-TK, r-devel-windows-x86_64-old, r-patched-linux-x86_64, r-patched-solaris-x86, r-release-linux-x86_64, r-release-macos-arm64, r-release-macos-x86_64, r-release-windows-ix86+x86_64

Version: 0.1.2
Check: dependencies in R code
Result: NOTE
    Namespace in Imports field not imported from: ‘rlang’
     All declared Imports should be used.
Flavors: r-devel-linux-x86_64-fedora-clang, r-devel-linux-x86_64-fedora-gcc, r-devel-windows-x86_64-new-TK, r-patched-solaris-x86, r-release-macos-arm64, r-release-macos-x86_64, r-oldrel-macos-x86_64