CRAN Package Check Results for Package MixSIAR

Last updated on 2021-11-27 22:57:02 CET.

Flavor Version Tinstall Tcheck Ttotal Status Flags
r-devel-linux-x86_64-debian-clang 3.1.12 NOTE
r-devel-linux-x86_64-debian-gcc 3.1.12 6.17 61.15 67.32 NOTE
r-devel-linux-x86_64-fedora-clang 3.1.12 118.20 NOTE
r-devel-linux-x86_64-fedora-gcc 3.1.12 115.58 NOTE
r-devel-windows-x86_64-new-UL 3.1.12 19.00 149.00 168.00 NOTE
r-devel-windows-x86_64-new-TK 3.1.12 NOTE
r-devel-windows-x86_64-old 3.1.12 11.00 105.00 116.00 NOTE
r-patched-linux-x86_64 3.1.12 7.57 72.73 80.30 NOTE
r-patched-solaris-x86 3.1.12 130.20 NOTE
r-release-linux-x86_64 3.1.12 NOTE
r-release-macos-arm64 3.1.12 NOTE
r-release-macos-x86_64 3.1.12 NOTE
r-release-windows-ix86+x86_64 3.1.12 14.00 105.00 119.00 NOTE
r-oldrel-macos-x86_64 3.1.12 OK
r-oldrel-windows-ix86+x86_64 3.1.12 14.00 97.00 111.00 OK

Check Details

Version: 3.1.12
Check: LazyData
Result: NOTE
     'LazyData' is specified without a 'data' directory
Flavors: r-devel-linux-x86_64-debian-clang, r-devel-linux-x86_64-debian-gcc, r-devel-linux-x86_64-fedora-clang, r-devel-linux-x86_64-fedora-gcc, r-devel-windows-x86_64-new-UL, r-devel-windows-x86_64-new-TK, r-devel-windows-x86_64-old, r-patched-linux-x86_64, r-patched-solaris-x86, r-release-linux-x86_64, r-release-macos-arm64, r-release-macos-x86_64, r-release-windows-ix86+x86_64