Last updated on 2024-03-28 23:01:50 CET.
Flavor | Version | Tinstall | Tcheck | Ttotal | Status | Flags |
---|---|---|---|---|---|---|
r-devel-linux-x86_64-debian-clang | 3.1.12 | 8.21 | 87.61 | 95.82 | NOTE | |
r-devel-linux-x86_64-debian-gcc | 3.1.12 | 6.44 | 62.58 | 69.02 | NOTE | |
r-devel-linux-x86_64-fedora-clang | 3.1.12 | 113.40 | NOTE | |||
r-devel-linux-x86_64-fedora-gcc | 3.1.12 | 172.11 | NOTE | |||
r-devel-windows-x86_64 | 3.1.12 | 8.00 | 95.00 | 103.00 | NOTE | |
r-patched-linux-x86_64 | 3.1.12 | 7.38 | 81.84 | 89.22 | NOTE | |
r-release-linux-x86_64 | 3.1.12 | 8.06 | 81.63 | 89.69 | NOTE | |
r-release-macos-arm64 | 3.1.12 | 70.00 | NOTE | |||
r-release-macos-x86_64 | 3.1.12 | 90.00 | NOTE | |||
r-release-windows-x86_64 | 3.1.12 | 10.00 | 92.00 | 102.00 | NOTE | |
r-oldrel-macos-arm64 | 3.1.12 | 51.00 | NOTE | |||
r-oldrel-windows-x86_64 | 3.1.12 | 11.00 | 94.00 | 105.00 | NOTE |
Version: 3.1.12
Check: LazyData
Result: NOTE
'LazyData' is specified without a 'data' directory
Flavors: r-devel-linux-x86_64-debian-clang, r-devel-linux-x86_64-debian-gcc, r-devel-linux-x86_64-fedora-clang, r-devel-linux-x86_64-fedora-gcc, r-devel-windows-x86_64, r-patched-linux-x86_64, r-release-linux-x86_64, r-release-macos-arm64, r-release-macos-x86_64, r-release-windows-x86_64, r-oldrel-macos-arm64, r-oldrel-windows-x86_64