Last updated on 2023-09-28 23:08:51 CEST.
Flavor | Version | Tinstall | Tcheck | Ttotal | Status | Flags |
---|---|---|---|---|---|---|
r-devel-linux-x86_64-debian-clang | 1.1.0 | 20.52 | 133.20 | 153.72 | NOTE | |
r-devel-linux-x86_64-debian-gcc | 1.1.0 | 14.13 | 98.49 | 112.62 | NOTE | |
r-devel-linux-x86_64-fedora-clang | 1.1.0 | 180.10 | NOTE | |||
r-devel-linux-x86_64-fedora-gcc | 1.1.0 | 196.42 | NOTE | |||
r-devel-windows-x86_64 | 1.1.0 | 19.00 | 128.00 | 147.00 | NOTE | |
r-patched-linux-x86_64 | 1.1.0 | 18.79 | 127.31 | 146.10 | OK | |
r-release-linux-x86_64 | 1.1.0 | 15.45 | 128.15 | 143.60 | OK | |
r-release-macos-arm64 | 1.1.0 | 62.00 | OK | |||
r-release-macos-x86_64 | 1.1.0 | 90.00 | OK | |||
r-release-windows-x86_64 | 1.1.0 | 25.00 | 138.00 | 163.00 | OK | |
r-oldrel-macos-arm64 | 1.1.0 | 53.00 | OK | |||
r-oldrel-macos-x86_64 | 1.1.0 | 74.00 | OK | |||
r-oldrel-windows-x86_64 | 1.1.0 | 23.00 | 149.00 | 172.00 | OK |
Version: 1.1.0
Check: Rd \usage sections
Result: NOTE
Documented arguments not in \usage in documentation object 'Sn_A':
‘data’
Functions with \usage entries need to have the appropriate \alias
entries, and all their arguments documented.
The \usage entries must correspond to syntactically valid R code.
See chapter ‘Writing R documentation files’ in the ‘Writing R
Extensions’ manual.
Flavors: r-devel-linux-x86_64-debian-clang, r-devel-linux-x86_64-debian-gcc, r-devel-linux-x86_64-fedora-clang, r-devel-linux-x86_64-fedora-gcc, r-devel-windows-x86_64