CRAN Package Check Results for Package MixfMRI

Last updated on 2019-10-16 22:56:02 CEST.

Flavor Version Tinstall Tcheck Ttotal Status Flags
r-devel-linux-x86_64-debian-clang 0.1-0 12.26 91.34 103.60 OK
r-devel-linux-x86_64-debian-gcc 0.1-0 10.02 69.06 79.08 OK
r-devel-linux-x86_64-fedora-clang 0.1-0 131.58 OK
r-devel-linux-x86_64-fedora-gcc 0.1-0 125.20 OK
r-devel-windows-ix86+x86_64 0.1-0 29.00 136.00 165.00 OK
r-patched-linux-x86_64 0.1-0 11.74 88.62 100.36 OK
r-patched-solaris-x86 0.1-0 174.20 OK
r-release-linux-x86_64 0.1-0 11.03 87.63 98.66 OK
r-release-windows-ix86+x86_64 0.1-0 23.00 191.00 214.00 OK
r-release-osx-x86_64 0.1-0 NOTE
r-oldrel-windows-ix86+x86_64 0.1-0 15.00 129.00 144.00 OK
r-oldrel-osx-x86_64 0.1-0 NOTE

Check Details

Version: 0.1-0
Check: package dependencies
Result: NOTE
    Package which this enhances but not available for checking: ‘pbdMPI’
Flavors: r-release-osx-x86_64, r-oldrel-osx-x86_64