CRAN Package Check Results for Package MixfMRI

Last updated on 2024-03-01 22:53:42 CET.

Flavor Version Tinstall Tcheck Ttotal Status Flags
r-devel-linux-x86_64-debian-clang 0.1-3 16.88 119.51 136.39 NOTE
r-devel-linux-x86_64-debian-gcc 0.1-3 11.28 87.57 98.85 NOTE
r-devel-linux-x86_64-fedora-clang 0.1-3 166.85 NOTE
r-devel-linux-x86_64-fedora-gcc 0.1-3 179.08 NOTE
r-devel-windows-x86_64 0.1-3 24.00 141.00 165.00 OK
r-patched-linux-x86_64 0.1-3 17.58 113.48 131.06 OK
r-release-linux-x86_64 0.1-3 15.85 118.37 134.22 OK
r-release-macos-arm64 0.1-3 63.00 NOTE
r-release-macos-x86_64 0.1-3 142.00 NOTE
r-release-windows-x86_64 0.1-3 30.00 142.00 172.00 OK
r-oldrel-macos-arm64 0.1-3 55.00 NOTE
r-oldrel-windows-x86_64 0.1-3 19.00 144.00 163.00 OK

Check Details

Version: 0.1-3
Check: Rd files
Result: NOTE checkRd: (-1) u4_cba_cor.Rd:35: Lost braces 35 | \code{t * 1} and \code{B} is of dimension{t * N}. Ideally, \code{fun.sim}() | ^ Flavors: r-devel-linux-x86_64-debian-clang, r-devel-linux-x86_64-debian-gcc, r-devel-linux-x86_64-fedora-clang, r-devel-linux-x86_64-fedora-gcc

Version: 0.1-3
Check: package dependencies
Result: NOTE Package which this enhances but not available for checking: ‘pbdMPI’ Flavors: r-release-macos-arm64, r-release-macos-x86_64, r-oldrel-macos-arm64