CRAN Package Check Results for Package MixfMRI

Last updated on 2019-07-17 22:54:34 CEST.

Flavor Version Tinstall Tcheck Ttotal Status Flags
r-devel-linux-x86_64-debian-clang 0.1-0 12.11 90.86 102.97 OK
r-devel-linux-x86_64-debian-gcc 0.1-0 9.02 70.22 79.24 OK
r-devel-linux-x86_64-fedora-clang 0.1-0 126.07 OK
r-devel-linux-x86_64-fedora-gcc 0.1-0 121.11 OK
r-devel-windows-ix86+x86_64 0.1-0 30.00 139.00 169.00 OK
r-patched-linux-x86_64 0.1-0 11.29 89.89 101.18 OK
r-patched-solaris-x86 0.1-0 180.70 OK
r-release-linux-x86_64 0.1-0 11.55 89.87 101.42 OK
r-release-windows-ix86+x86_64 0.1-0 24.00 179.00 203.00 OK
r-release-osx-x86_64 0.1-0 NOTE
r-oldrel-windows-ix86+x86_64 0.1-0 17.00 171.00 188.00 OK
r-oldrel-osx-x86_64 0.1-0 NOTE

Check Details

Version: 0.1-0
Check: package dependencies
Result: NOTE
    Package which this enhances but not available for checking: ‘pbdMPI’
Flavors: r-release-osx-x86_64, r-oldrel-osx-x86_64