Last updated on 2023-09-21 23:03:25 CEST.
Flavor | Version | Tinstall | Tcheck | Ttotal | Status | Flags |
---|---|---|---|---|---|---|
r-devel-linux-x86_64-debian-clang | 1.3.3 | 5.64 | 33.63 | 39.27 | OK | |
r-devel-linux-x86_64-debian-gcc | 1.3.3 | 6.47 | 28.01 | 34.48 | OK | |
r-devel-linux-x86_64-fedora-clang | 1.3.3 | 53.16 | NOTE | |||
r-devel-linux-x86_64-fedora-gcc | 1.3.3 | 57.60 | NOTE | |||
r-devel-windows-x86_64 | 1.3.3 | 10.00 | 54.00 | 64.00 | OK | |
r-patched-linux-x86_64 | 1.3.3 | 7.45 | 35.35 | 42.80 | OK | |
r-release-linux-x86_64 | 1.3.3 | 5.77 | 35.44 | 41.21 | OK | |
r-release-macos-arm64 | 1.3.3 | 26.00 | NOTE | |||
r-release-macos-x86_64 | 1.3.3 | 33.00 | NOTE | |||
r-release-windows-x86_64 | 1.3.3 | 10.00 | 66.00 | 76.00 | OK | |
r-oldrel-macos-arm64 | 1.3.3 | 23.00 | NOTE | |||
r-oldrel-macos-x86_64 | 1.3.3 | 33.00 | OK | |||
r-oldrel-windows-x86_64 | 1.3.3 | 11.00 | 58.00 | 69.00 | OK |
Version: 1.3.3
Check: data for non-ASCII characters
Result: NOTE
Note: found 20578 marked UTF-8 strings
Flavors: r-devel-linux-x86_64-fedora-clang, r-devel-linux-x86_64-fedora-gcc
Version: 1.3.3
Check: installed package size
Result: NOTE
installed size is 5.3Mb
sub-directories of 1Mb or more:
data 5.0Mb
Flavors: r-release-macos-arm64, r-release-macos-x86_64, r-oldrel-macos-arm64