CRAN Package Check Results for Package ModelMap

Last updated on 2019-09-22 22:46:51 CEST.

Flavor Version Tinstall Tcheck Ttotal Status Flags
r-devel-linux-x86_64-debian-clang 3.4.0.1 20.68 150.19 170.87 NOTE --no-vignettes
r-devel-linux-x86_64-debian-gcc 3.4.0.1 17.23 118.56 135.79 NOTE --no-vignettes
r-devel-linux-x86_64-fedora-clang 3.4.0.1 598.36 NOTE
r-devel-linux-x86_64-fedora-gcc 3.4.0.1 589.60 NOTE
r-devel-windows-ix86+x86_64 3.4.0.1 44.00 581.00 625.00 OK
r-patched-linux-x86_64 3.4.0.1 18.77 146.43 165.20 OK --no-vignettes
r-patched-solaris-x86 3.4.0.1 1071.40 OK
r-release-linux-x86_64 3.4.0.1 17.91 146.71 164.62 OK --no-vignettes
r-release-windows-ix86+x86_64 3.4.0.1 47.00 588.00 635.00 OK
r-release-osx-x86_64 3.4.0.1 FAIL
r-oldrel-windows-ix86+x86_64 3.4.0.1 18.00 477.00 495.00 OK
r-oldrel-osx-x86_64 3.4.0.1 OK

Check Details

Version: 3.4.0.1
Flags: --no-vignettes
Check: for non-standard things in the check directory
Result: NOTE
    Found the following files/directories:
     'BIO_TCandNLCD_NLCD.jpg' 'BIO_TCandNLCD_TCB.jpg'
     'BIO_TCandNLCD_TCG.jpg' 'BIO_TCandNLCD_TCW.jpg'
     'BIO_TCandNLCD_corrplot.jpg' 'BIO_TCandNLCD_mask_all_predictors.jpg'
     'BIO_TCandNLCD_projections.txt' 'RF_BIO_TCandNLCD_01.img'
     'RF_BIO_TCandNLCD_01.img.aux.xml'
     'RF_BIO_TCandNLCD_01_mapmake_arguments.txt'
     'RF_BIO_TCandNLCD_01_projections.txt' 'RF_BIO_TCandNLCD_OOB.csv'
     'RF_BIO_TCandNLCD_OOB_corrplot.jpg'
     'RF_BIO_TCandNLCD_OOB_corrplot.pdf' 'RF_BIO_TCandNLCD_OOB_error.jpg'
     'RF_BIO_TCandNLCD_OOB_error.pdf'
     'RF_BIO_TCandNLCD_OOB_importance.jpg'
     'RF_BIO_TCandNLCD_OOB_importance.pdf'
     'RF_BIO_TCandNLCD_OOB_scatterplot.jpg'
     'RF_BIO_TCandNLCD_OOB_scatterplot.pdf'
     'RF_BIO_TCandNLCD_model_building_arguments.txt'
     'RF_Bio_TC_model_building_arguments.txt' 'example.test.csv'
     'example.train.csv'
Flavors: r-devel-linux-x86_64-debian-clang, r-devel-linux-x86_64-debian-gcc

Version: 3.4.0.1
Check: for non-standard things in the check directory
Result: NOTE
    Found the following files/directories:
     ‘BIO_TCandNLCD_NLCD.jpg’ ‘BIO_TCandNLCD_TCB.jpg’
     ‘BIO_TCandNLCD_TCG.jpg’ ‘BIO_TCandNLCD_TCW.jpg’
     ‘BIO_TCandNLCD_corrplot.jpg’ ‘BIO_TCandNLCD_mask_all_predictors.jpg’
     ‘BIO_TCandNLCD_projections.txt’ ‘RF_BIO_TCandNLCD_01.img’
     ‘RF_BIO_TCandNLCD_01.img.aux.xml’
     ‘RF_BIO_TCandNLCD_01_mapmake_arguments.txt’
     ‘RF_BIO_TCandNLCD_01_projections.txt’ ‘RF_BIO_TCandNLCD_OOB.csv’
     ‘RF_BIO_TCandNLCD_OOB_corrplot.jpg’
     ‘RF_BIO_TCandNLCD_OOB_corrplot.pdf’ ‘RF_BIO_TCandNLCD_OOB_error.jpg’
     ‘RF_BIO_TCandNLCD_OOB_error.pdf’
     ‘RF_BIO_TCandNLCD_OOB_importance.jpg’
     ‘RF_BIO_TCandNLCD_OOB_importance.pdf’
     ‘RF_BIO_TCandNLCD_OOB_scatterplot.jpg’
     ‘RF_BIO_TCandNLCD_OOB_scatterplot.pdf’
     ‘RF_BIO_TCandNLCD_model_building_arguments.txt’
     ‘RF_Bio_TC_model_building_arguments.txt’ ‘example.test.csv’
     ‘example.train.csv’
Flavors: r-devel-linux-x86_64-fedora-clang, r-devel-linux-x86_64-fedora-gcc

Version: 3.4.0.1
Check: re-building of vignette outputs
Result: NOTE
    Error(s) in re-building vignettes:
    --- re-building ‘ExploreModelMap.Rnw’ using Sweave
    Loading required package: randomForest
    randomForest 4.6-14
    Type rfNews() to see new features/changes/bug fixes.
    Loading required package: raster
    Loading required package: sp
    Loading required package: rgdal
    rgdal: version: 1.4-3, (SVN revision 828)
     Geospatial Data Abstraction Library extensions to R successfully loaded
     Loaded GDAL runtime: GDAL 2.1.3, released 2017/20/01
     Path to GDAL shared files: /Volumes/SSD-Data/Builds/R-dev-web/QA/Simon/packages/el-capitan-x86_64/Rlib/3.6/rgdal/gdal
     GDAL binary built with GEOS: FALSE
     Loaded PROJ.4 runtime: Rel. 4.9.3, 15 August 2016, [PJ_VERSION: 493]
     Path to PROJ.4 shared files: /Volumes/SSD-Data/Builds/R-dev-web/QA/Simon/packages/el-capitan-x86_64/Rlib/3.6/rgdal/proj
     Linking to sp version: 1.3-1
    --- finished re-building ‘ExploreModelMap.Rnw’
    
    --- re-building ‘VModelMap.Rnw’ using Sweave
    Loading required package: randomForest
    randomForest 4.6-14
    Type rfNews() to see new features/changes/bug fixes.
    Loading required package: raster
    Loading required package: sp
    Loading required package: rgdal
    rgdal: version: 1.4-3, (SVN revision 828)
     Geospatial Data Abstraction Library extensions to R successfully loaded
     Loaded GDAL runtime: GDAL 2.1.3, released 2017/20/01
     Path to GDAL shared files: /Volumes/SSD-Data/Builds/R-dev-web/QA/Simon/packages/el-capitan-x86_64/Rlib/3.6/rgdal/gdal
     GDAL binary built with GEOS: FALSE
     Loaded PROJ.4 runtime: Rel. 4.9.3, 15 August 2016, [PJ_VERSION: 493]
     Path to PROJ.4 shared files: /Volumes/SSD-Data/Builds/R-dev-web/QA/Simon/packages/el-capitan-x86_64/Rlib/3.6/rgdal/proj
     Linking to sp version: 1.3-1
    Warning in FNcheck(OUTPUTfn = OUTPUTfn, folder = folder, ERROR.NAME = "OUTPUTfn") :
     OUTPUTfn VModelMapEx1a_map does not include an extension, using default extension of '.img'. New OUTPUTfn is VModelMapEx1a_map.img
    Warning in FNcheck(OUTPUTfn = OUTPUTfn, folder = folder, ERROR.NAME = "OUTPUTfn") :
     OUTPUTfn VModelMapEx1b_map does not include an extension, using default extension of '.img'. New OUTPUTfn is VModelMapEx1b_map.img
    Warning in FNcheck(OUTPUTfn = OUTPUTfn, folder = folder, ERROR.NAME = "OUTPUTfn") :
     OUTPUTfn VModelMapEx2a_map does not include an extension, using default extension of '.img'. New OUTPUTfn is VModelMapEx2a_map.img
    Warning in FNcheck(OUTPUTfn = OUTPUTfn, folder = folder, ERROR.NAME = "OUTPUTfn") :
     OUTPUTfn VModelMapEx2b_map does not include an extension, using default extension of '.img'. New OUTPUTfn is VModelMapEx2b_map.img
    Warning in FNcheck(OUTPUTfn = OUTPUTfn, folder = folder, ERROR.NAME = "OUTPUTfn") :
     OUTPUTfn VModelMapEx3_map does not include an extension, using default extension of '.img'. New OUTPUTfn is VModelMapEx3_map.img
    Warning in file.remove("Rplots.pdf") :
     cannot remove file 'Rplots.pdf', reason 'No such file or directory'
    --- finished re-building ‘VModelMap.Rnw’
    
    --- re-building ‘Vquantile.Rnw’ using Sweave
    Loading required package: randomForest
    randomForest 4.6-14
    Type rfNews() to see new features/changes/bug fixes.
    Loading required package: raster
    Loading required package: sp
    Loading required package: rgdal
    rgdal: version: 1.4-3, (SVN revision 828)
     Geospatial Data Abstraction Library extensions to R successfully loaded
     Loaded GDAL runtime: GDAL 2.1.3, released 2017/20/01
     Path to GDAL shared files: /Volumes/SSD-Data/Builds/R-dev-web/QA/Simon/packages/el-capitan-x86_64/Rlib/3.6/rgdal/gdal
     GDAL binary built with GEOS: FALSE
     Loaded PROJ.4 runtime: Rel. 4.9.3, 15 August 2016, [PJ_VERSION: 493]
     Path to PROJ.4 shared files: /Volumes/SSD-Data/Builds/R-dev-web/QA/Simon/packages/el-capitan-x86_64/Rlib/3.6/rgdal/proj
     Linking to sp version: 1.3-1
    Warning in FNcheck(OUTPUTfn = OUTPUTfn, folder = folder, ERROR.NAME = "OUTPUTfn") :
     OUTPUTfn VQuantile_QRF_Pinyon_map does not include an extension, using default extension of '.img'. New OUTPUTfn is VQuantile_QRF_Pinyon_map.img
    Warning in FNcheck(OUTPUTfn = OUTPUTfn, folder = folder, ERROR.NAME = "OUTPUTfn") :
     OUTPUTfn VQuantile_QRF_Sage_map does not include an extension, using default extension of '.img'. New OUTPUTfn is VQuantile_QRF_Sage_map.img
    Warning in FNcheck(OUTPUTfn = OUTPUTfn, folder = folder, ERROR.NAME = "OUTPUTfn") :
     OUTPUTfn VQuantile_CF_Pinyon_map does not include an extension, using default extension of '.img'. New OUTPUTfn is VQuantile_CF_Pinyon_map.img
    Warning in FNcheck(OUTPUTfn = OUTPUTfn, folder = folder, ERROR.NAME = "OUTPUTfn") :
     OUTPUTfn VQuantile_CF_Sage_map does not include an extension, using default extension of '.img'. New OUTPUTfn is VQuantile_CF_Sage_map.img
    
    Execution halted
    SUMMARY: processing the following file failed:
     ‘Vquantile.Rnw’
    
    Error: Vignette re-building failed.
    Execution halted
Flavor: r-release-osx-x86_64

Version: 3.4.0.1
Check: PDF version of manual
Result: FAIL
    
Flavor: r-release-osx-x86_64