Last updated on 2024-03-28 23:01:50 CET.
Flavor | Version | Tinstall | Tcheck | Ttotal | Status | Flags |
---|---|---|---|---|---|---|
r-devel-linux-x86_64-debian-clang | 0.1.0 | 5.23 | 52.98 | 58.21 | NOTE | |
r-devel-linux-x86_64-debian-gcc | 0.1.0 | 5.37 | 41.57 | 46.94 | NOTE | |
r-devel-linux-x86_64-fedora-clang | 0.1.0 | 74.37 | NOTE | |||
r-devel-linux-x86_64-fedora-gcc | 0.1.0 | 71.52 | NOTE | |||
r-devel-windows-x86_64 | 0.1.0 | 6.00 | 67.00 | 73.00 | NOTE | |
r-patched-linux-x86_64 | 0.1.0 | 4.51 | 50.78 | 55.29 | NOTE | |
r-release-linux-x86_64 | 0.1.0 | 3.94 | 51.14 | 55.08 | NOTE | |
r-release-macos-arm64 | 0.1.0 | 29.00 | NOTE | |||
r-release-macos-x86_64 | 0.1.0 | 39.00 | NOTE | |||
r-release-windows-x86_64 | 0.1.0 | 9.00 | 72.00 | 81.00 | NOTE | |
r-oldrel-macos-arm64 | 0.1.0 | 26.00 | NOTE | |||
r-oldrel-windows-x86_64 | 0.1.0 | 9.00 | 70.00 | 79.00 | NOTE |
Version: 0.1.0
Check: LazyData
Result: NOTE
'LazyData' is specified without a 'data' directory
Flavors: r-devel-linux-x86_64-debian-clang, r-devel-linux-x86_64-debian-gcc, r-devel-linux-x86_64-fedora-clang, r-devel-linux-x86_64-fedora-gcc, r-devel-windows-x86_64, r-patched-linux-x86_64, r-release-linux-x86_64, r-release-macos-arm64, r-release-macos-x86_64, r-release-windows-x86_64, r-oldrel-macos-arm64, r-oldrel-windows-x86_64