CRAN Package Check Results for Package Modeler

Last updated on 2021-05-09 22:47:04 CEST.

Flavor Version Tinstall Tcheck Ttotal Status Flags
r-devel-linux-x86_64-debian-clang 3.4.5 4.76 86.77 91.53 OK
r-devel-linux-x86_64-debian-gcc 3.4.5 4.73 66.16 70.89 OK
r-devel-linux-x86_64-fedora-clang 3.4.5 122.17 OK
r-devel-linux-x86_64-fedora-gcc 3.4.5 116.88 OK
r-devel-windows-ix86+x86_64 3.4.5 11.00 116.00 127.00 OK
r-devel-windows-x86_64-gcc10-UCRT 3.4.5 OK
r-patched-linux-x86_64 3.4.5 5.72 83.34 89.06 OK
r-patched-solaris-x86 3.4.5 146.20 OK
r-release-linux-x86_64 3.4.5 5.91 83.57 89.48 OK
r-release-macos-x86_64 3.4.5 OK
r-release-windows-ix86+x86_64 3.4.5 12.00 89.00 101.00 OK
r-oldrel-macos-x86_64 3.4.5 OK
r-oldrel-windows-ix86+x86_64 3.4.5 12.00 7.00 19.00 ERROR

Check Details

Version: 3.4.5
Check: whether package can be installed
Result: ERROR
    Installation failed.
    See 'd:/Rcompile/CRANpkg/local/3.6/Modeler.Rcheck/00install.out' for details.
    *
Flavor: r-oldrel-windows-ix86+x86_64