Last updated on 2024-03-28 23:01:50 CET.
Flavor | Version | Tinstall | Tcheck | Ttotal | Status | Flags |
---|---|---|---|---|---|---|
r-devel-linux-x86_64-debian-clang | 6.0 | 71.51 | 88.38 | 159.89 | OK | |
r-devel-linux-x86_64-debian-gcc | 6.0 | 60.56 | 64.45 | 125.01 | OK | |
r-devel-linux-x86_64-fedora-clang | 6.0 | 211.54 | OK | |||
r-devel-linux-x86_64-fedora-gcc | 6.0 | 220.66 | OK | |||
r-devel-windows-x86_64 | 6.0 | 56.00 | 95.00 | 151.00 | OK | |
r-patched-linux-x86_64 | 6.0 | 79.04 | 91.19 | 170.23 | OK | |
r-release-linux-x86_64 | 6.0 | 69.28 | 87.40 | 156.68 | OK | |
r-release-macos-arm64 | 6.0 | 56.00 | NOTE | |||
r-release-macos-x86_64 | 6.0 | 98.00 | NOTE | |||
r-release-windows-x86_64 | 6.0 | 70.00 | 122.00 | 192.00 | OK | |
r-oldrel-macos-arm64 | 6.0 | 56.00 | NOTE | |||
r-oldrel-windows-x86_64 | 6.0 | 69.00 | 128.00 | 197.00 | OK |
Version: 6.0
Check: installed package size
Result: NOTE
installed size is 7.4Mb
sub-directories of 1Mb or more:
libs 6.9Mb
Flavors: r-release-macos-arm64, r-release-macos-x86_64, r-oldrel-macos-arm64
Version: 6.0
Check: package dependencies
Result: NOTE
Package suggested but not available for checking: ‘tmvtnorm’
Flavor: r-release-macos-x86_64