CRAN Package Check Results for Package MplusAutomation

Last updated on 2020-02-22 22:47:52 CET.

Flavor Version Tinstall Tcheck Ttotal Status Flags
r-devel-linux-x86_64-debian-clang 0.7-3 34.63 102.87 137.50 OK
r-devel-linux-x86_64-debian-gcc 0.7-3 30.84 77.86 108.70 OK
r-devel-linux-x86_64-fedora-clang 0.7-3 186.12 OK
r-devel-linux-x86_64-fedora-gcc 0.7-3 170.78 OK
r-devel-windows-ix86+x86_64 0.7-3 45.00 119.00 164.00 OK
r-devel-windows-ix86+x86_64-gcc8 0.7-3 74.00 193.00 267.00 OK
r-patched-linux-x86_64 0.7-3 OK
r-patched-solaris-x86 0.7-3 195.80 OK
r-release-linux-x86_64 0.7-3 27.44 90.30 117.74 OK
r-release-windows-ix86+x86_64 0.7-3 41.00 107.00 148.00 OK
r-release-osx-x86_64 0.7-3 FAIL
r-oldrel-windows-ix86+x86_64 0.7-3 40.00 107.00 147.00 WARN
r-oldrel-osx-x86_64 0.7-3 OK

Check Details

Version: 0.7-3
Check: package dependencies
Result: NOTE
    Package suggested but not available for checking: ‘rhdf5’
Flavor: r-release-osx-x86_64

Version: 0.7-3
Check: dependencies in R code
Result: FAIL
Flavor: r-release-osx-x86_64

Version: 0.7-3
Check: whether package can be installed
Result: WARN
    Found the following significant warnings:
     Warning: S3 methods '[.fun_list', '[.grouped_df', 'all.equal.tbl_df', 'anti_join.data.frame', 'anti_join.tbl_df', 'arrange.data.frame', 'arrange.default', 'arrange.grouped_df', 'arrange.tbl_df', 'arrange_.data.frame', 'arrange_.tbl_df', 'as.data.frame.grouped_df', 'as.data.frame.rowwise_df', 'as.data.frame.tbl_cube', 'as.table.tbl_cube', 'as.tbl.data.frame', 'as.tbl.tbl', 'as.tbl_cube.array', 'as.tbl_cube.data.frame', 'as.tbl_cube.matrix', 'as.tbl_cube.table', 'as_tibble.grouped_df', 'as_tibble.tbl_cube', 'auto_copy.tbl_cube', 'auto_copy.tbl_df', 'cbind.grouped_df', 'collapse.data.frame', 'collect.data.frame', 'common_by.NULL', 'common_by.character', 'common_by.default', 'common_by.list', 'compute.data.frame', 'copy_to.DBIConnection', 'copy_to.src_local', 'default_missing.data.frame', 'default_missing.default', 'dim.tbl_cube', 'distinct.data.frame', 'distinct.default', 'distinct.grouped_df', 'distinct.tbl_df', 'distinct_.data.frame', 'distinct_.grouped_df', 'distinct_.tbl_df', 'do.NULL', 'do.da [... truncated]
Flavor: r-oldrel-windows-ix86+x86_64