CRAN Package Check Results for Package MplusAutomation

Last updated on 2019-09-20 22:50:06 CEST.

Flavor Version Tinstall Tcheck Ttotal Status Flags
r-devel-linux-x86_64-debian-clang 0.7-3 31.45 91.53 122.98 OK
r-devel-linux-x86_64-debian-gcc 0.7-3 27.85 70.90 98.75 OK
r-devel-linux-x86_64-fedora-clang 0.7-3 150.81 OK
r-devel-linux-x86_64-fedora-gcc 0.7-3 148.04 OK
r-devel-windows-ix86+x86_64 0.7-3 60.00 163.00 223.00 OK
r-patched-linux-x86_64 0.7-3 30.63 90.22 120.85 OK
r-patched-solaris-x86 0.7-3 192.70 OK
r-release-linux-x86_64 0.7-3 30.04 90.46 120.50 OK
r-release-windows-ix86+x86_64 0.7-3 41.00 106.00 147.00 OK
r-release-osx-x86_64 0.7-3 FAIL
r-oldrel-windows-ix86+x86_64 0.7-3 36.00 101.00 137.00 WARN
r-oldrel-osx-x86_64 0.7-3 OK

Check Details

Version: 0.7-3
Check: package dependencies
Result: NOTE
    Package suggested but not available for checking: ‘rhdf5’
Flavor: r-release-osx-x86_64

Version: 0.7-3
Check: dependencies in R code
Result: FAIL
    
Flavor: r-release-osx-x86_64

Version: 0.7-3
Check: whether package can be installed
Result: WARN
    Found the following significant warnings:
     Warning: S3 methods '[.fun_list', '[.grouped_df', 'all.equal.tbl_df', 'anti_join.data.frame', 'anti_join.tbl_df', 'arrange.data.frame', 'arrange.default', 'arrange.grouped_df', 'arrange.tbl_df', 'arrange_.data.frame', 'arrange_.tbl_df', 'as.data.frame.grouped_df', 'as.data.frame.rowwise_df', 'as.data.frame.tbl_cube', 'as.table.tbl_cube', 'as.tbl.data.frame', 'as.tbl.tbl', 'as.tbl_cube.array', 'as.tbl_cube.data.frame', 'as.tbl_cube.matrix', 'as.tbl_cube.table', 'as_tibble.grouped_df', 'as_tibble.tbl_cube', 'auto_copy.tbl_cube', 'auto_copy.tbl_df', 'cbind.grouped_df', 'collapse.data.frame', 'collect.data.frame', 'common_by.NULL', 'common_by.character', 'common_by.default', 'common_by.list', 'compute.data.frame', 'copy_to.DBIConnection', 'copy_to.src_local', 'default_missing.data.frame', 'default_missing.default', 'dim.tbl_cube', 'distinct.data.frame', 'distinct.default', 'distinct.grouped_df', 'distinct.tbl_df', 'distinct_.data.frame', 'distinct_.grouped_df', 'distinct_.tbl_df', 'do.NULL', 'do.da [... truncated]
Flavor: r-oldrel-windows-ix86+x86_64