CRAN Package Check Results for Package MuChPoint

Last updated on 2019-07-20 22:48:06 CEST.

Flavor Version Tinstall Tcheck Ttotal Status Flags
r-devel-linux-x86_64-debian-clang 0.6.1 15.48 28.71 44.19 OK
r-devel-linux-x86_64-debian-gcc 0.6.1 11.19 24.01 35.20 OK
r-devel-linux-x86_64-fedora-clang 0.6.1 58.67 NOTE
r-devel-linux-x86_64-fedora-gcc 0.6.1 55.12 NOTE
r-devel-windows-ix86+x86_64 0.6.1 29.00 87.00 116.00 OK
r-patched-linux-x86_64 0.6.1 15.05 28.98 44.03 OK
r-patched-solaris-x86 0.6.1 75.10 NOTE
r-release-linux-x86_64 0.6.1 13.99 29.29 43.28 OK
r-release-windows-ix86+x86_64 0.6.1 26.00 65.00 91.00 OK
r-release-osx-x86_64 0.6.1 NOTE
r-oldrel-windows-ix86+x86_64 0.6.1 37.00 77.00 114.00 OK
r-oldrel-osx-x86_64 0.6.1 NOTE

Check Details

Version: 0.6.1
Check: dependencies in R code
Result: NOTE
    Namespaces in Imports field not imported from:
     ‘Matrix’ ‘capushe’ ‘shiny’
     All declared Imports should be used.
Flavors: r-devel-linux-x86_64-fedora-clang, r-devel-linux-x86_64-fedora-gcc, r-patched-solaris-x86, r-release-osx-x86_64, r-oldrel-osx-x86_64