CRAN Package Check Results for Package MuChPoint

Last updated on 2019-11-18 22:47:16 CET.

Flavor Version Tinstall Tcheck Ttotal Status Flags
r-devel-linux-x86_64-debian-clang 0.6.1 18.70 29.80 48.50 OK
r-devel-linux-x86_64-debian-gcc 0.6.1 11.57 24.54 36.11 OK
r-devel-linux-x86_64-fedora-clang 0.6.1 61.06 NOTE
r-devel-linux-x86_64-fedora-gcc 0.6.1 59.59 NOTE
r-devel-windows-ix86+x86_64 0.6.1 47.00 67.00 114.00 OK
r-patched-linux-x86_64 0.6.1 12.34 28.74 41.08 OK
r-patched-solaris-x86 0.6.1 72.10 NOTE
r-release-linux-x86_64 0.6.1 12.67 28.87 41.54 OK
r-release-windows-ix86+x86_64 0.6.1 33.00 83.00 116.00 OK
r-release-osx-x86_64 0.6.1 NOTE
r-oldrel-windows-ix86+x86_64 0.6.1 27.00 83.00 110.00 OK
r-oldrel-osx-x86_64 0.6.1 NOTE

Check Details

Version: 0.6.1
Check: dependencies in R code
Result: NOTE
    Namespaces in Imports field not imported from:
     ‘Matrix’ ‘capushe’ ‘shiny’
     All declared Imports should be used.
Flavors: r-devel-linux-x86_64-fedora-clang, r-devel-linux-x86_64-fedora-gcc, r-patched-solaris-x86, r-release-osx-x86_64, r-oldrel-osx-x86_64