Last updated on 2024-03-28 23:01:51 CET.
Flavor | Version | Tinstall | Tcheck | Ttotal | Status | Flags |
---|---|---|---|---|---|---|
r-devel-linux-x86_64-debian-clang | 1.47.5 | 16.70 | 185.78 | 202.48 | OK | |
r-devel-linux-x86_64-debian-gcc | 1.47.5 | 16.25 | 139.59 | 155.84 | OK | |
r-devel-linux-x86_64-fedora-clang | 1.47.5 | 270.33 | NOTE | |||
r-devel-linux-x86_64-fedora-gcc | 1.47.5 | 253.91 | OK | |||
r-devel-windows-x86_64 | 1.47.5 | 17.00 | 162.00 | 179.00 | OK | |
r-patched-linux-x86_64 | 1.47.5 | 24.38 | 183.80 | 208.18 | OK | |
r-release-linux-x86_64 | 1.47.5 | 18.09 | 181.58 | 199.67 | OK | |
r-release-macos-arm64 | 1.47.5 | 73.00 | OK | |||
r-release-macos-x86_64 | 1.47.5 | 133.00 | OK | |||
r-release-windows-x86_64 | 1.47.5 | 22.00 | 198.00 | 220.00 | OK | |
r-oldrel-macos-arm64 | 1.47.5 | 69.00 | OK | |||
r-oldrel-windows-x86_64 | 1.47.5 | 23.00 | 202.00 | 225.00 | OK |
Version: 1.47.5
Check: Rd cross-references
Result: NOTE
Undeclared packages ‘AICcmodavg’, ‘bbmle’, ‘glmulti’, ‘arm’, ‘performance’, ‘wgeesel’, ‘ape’, ‘bestglm’, ‘leaps’, ‘glmmTMB’, ‘brglm’, ‘quantreg’, ‘maxlike’, ‘RMark’ in Rd xrefs
Flavor: r-devel-linux-x86_64-fedora-clang