CRAN Package Check Results for Package MullerPlot

Last updated on 2024-07-18 22:50:00 CEST.

Flavor Version Tinstall Tcheck Ttotal Status Flags
r-devel-linux-x86_64-debian-clang 0.1.3 2.84 34.04 36.88 NOTE
r-devel-linux-x86_64-debian-gcc 0.1.3 1.91 26.23 28.14 NOTE
r-devel-linux-x86_64-fedora-clang 0.1.3 48.62 NOTE
r-devel-linux-x86_64-fedora-gcc 0.1.3 57.61 NOTE
r-devel-windows-x86_64 0.1.3 5.00 53.00 58.00 NOTE
r-patched-linux-x86_64 0.1.3 2.85 33.61 36.46 NOTE
r-release-linux-x86_64 0.1.3 2.41 33.43 35.84 NOTE
r-release-macos-arm64 0.1.3 22.00 NOTE
r-release-macos-x86_64 0.1.3 39.00 NOTE
r-release-windows-x86_64 0.1.3 4.00 52.00 56.00 NOTE
r-oldrel-macos-arm64 0.1.3 24.00 NOTE
r-oldrel-macos-x86_64 0.1.3 34.00 NOTE
r-oldrel-windows-x86_64 0.1.3 4.00 52.00 56.00 NOTE

Check Details

Version: 0.1.3
Check: package subdirectories
Result: NOTE Problems with news in ‘NEWS.md’: No news entries found. Flavors: r-devel-linux-x86_64-debian-clang, r-devel-linux-x86_64-debian-gcc, r-devel-linux-x86_64-fedora-clang, r-devel-linux-x86_64-fedora-gcc, r-devel-windows-x86_64, r-patched-linux-x86_64, r-release-linux-x86_64, r-release-macos-arm64, r-release-macos-x86_64, r-release-windows-x86_64, r-oldrel-macos-arm64, r-oldrel-macos-x86_64, r-oldrel-windows-x86_64