CRAN Package Check Results for Package MullerPlot

Last updated on 2023-09-26 23:04:19 CEST.

Flavor Version Tinstall Tcheck Ttotal Status Flags
r-devel-linux-x86_64-debian-clang 0.1.3 2.20 30.86 33.06 NOTE
r-devel-linux-x86_64-debian-gcc 0.1.3 2.26 23.46 25.72 NOTE
r-devel-linux-x86_64-fedora-clang 0.1.3 41.17 NOTE
r-devel-linux-x86_64-fedora-gcc 0.1.3 54.35 NOTE
r-devel-windows-x86_64 0.1.3 5.00 55.00 60.00 NOTE
r-patched-linux-x86_64 0.1.3 2.34 29.19 31.53 NOTE
r-release-linux-x86_64 0.1.3 2.06 29.47 31.53 NOTE
r-release-macos-arm64 0.1.3 24.00 NOTE
r-release-macos-x86_64 0.1.3 34.00 NOTE
r-release-windows-x86_64 0.1.3 7.00 57.00 64.00 NOTE
r-oldrel-macos-arm64 0.1.3 21.00 OK
r-oldrel-macos-x86_64 0.1.3 37.00 OK
r-oldrel-windows-x86_64 0.1.3 6.00 51.00 57.00 OK

Check Details

Version: 0.1.3
Check: package subdirectories
Result: NOTE
    Problems with news in ‘NEWS.md’:
    No news entries found.
Flavors: r-devel-linux-x86_64-debian-clang, r-devel-linux-x86_64-debian-gcc, r-devel-linux-x86_64-fedora-clang, r-devel-linux-x86_64-fedora-gcc, r-devel-windows-x86_64, r-patched-linux-x86_64, r-release-linux-x86_64, r-release-macos-arm64, r-release-macos-x86_64, r-release-windows-x86_64