Last updated on 2024-03-28 23:01:50 CET.
Flavor | Version | Tinstall | Tcheck | Ttotal | Status | Flags |
---|---|---|---|---|---|---|
r-devel-linux-x86_64-debian-clang | 0.2.0 | 116.78 | 149.91 | 266.69 | NOTE | |
r-devel-linux-x86_64-debian-gcc | 0.2.0 | 86.86 | 112.58 | 199.44 | NOTE | |
r-devel-linux-x86_64-fedora-clang | 0.2.0 | 363.26 | NOTE | |||
r-devel-linux-x86_64-fedora-gcc | 0.2.0 | 386.82 | NOTE | |||
r-devel-windows-x86_64 | 0.2.0 | 88.00 | 147.00 | 235.00 | NOTE | |
r-patched-linux-x86_64 | 0.2.0 | 110.55 | 163.25 | 273.80 | NOTE | |
r-release-linux-x86_64 | 0.2.0 | 113.53 | 160.93 | 274.46 | NOTE | |
r-release-macos-arm64 | 0.2.0 | 84.00 | NOTE | |||
r-release-macos-x86_64 | 0.2.0 | 177.00 | NOTE | |||
r-release-windows-x86_64 | 0.2.0 | 82.00 | 160.00 | 242.00 | NOTE | |
r-oldrel-macos-arm64 | 0.2.0 | 77.00 | NOTE | |||
r-oldrel-windows-x86_64 | 0.2.0 | 109.00 | 162.00 | 271.00 | OK |
Version: 0.2.0
Check: C++ specification
Result: NOTE
Specified C++11: please drop specification unless essential
Flavors: r-devel-linux-x86_64-debian-clang, r-devel-linux-x86_64-debian-gcc, r-devel-linux-x86_64-fedora-clang, r-devel-linux-x86_64-fedora-gcc, r-devel-windows-x86_64, r-patched-linux-x86_64, r-release-linux-x86_64, r-release-macos-arm64, r-release-macos-x86_64, r-release-windows-x86_64
Version: 0.2.0
Check: compiled code
Result: NOTE
File ‘MultiBD/libs/MultiBD.so’:
Found no calls to: ‘R_registerRoutines’, ‘R_useDynamicSymbols’
It is good practice to register native routines and to disable symbol
search.
See ‘Writing portable packages’ in the ‘Writing R Extensions’ manual.
Flavors: r-devel-linux-x86_64-fedora-clang, r-devel-linux-x86_64-fedora-gcc
Version: 0.2.0
Check: installed package size
Result: NOTE
installed size is 6.5Mb
sub-directories of 1Mb or more:
libs 4.9Mb
Flavors: r-release-macos-arm64, r-release-macos-x86_64, r-oldrel-macos-arm64