CRAN Package Check Results for Package NADA2

Last updated on 2021-06-22 22:56:42 CEST.

Flavor Version Tinstall Tcheck Ttotal Status Flags
r-devel-linux-x86_64-debian-clang 1.0.1 18.39 161.34 179.73 OK
r-devel-linux-x86_64-debian-gcc 1.0.1 15.45 117.50 132.95 OK
r-devel-linux-x86_64-fedora-clang 1.0.1 225.88 NOTE
r-devel-linux-x86_64-fedora-gcc 1.0.1 208.60 NOTE
r-devel-windows-x86_64 1.0.1 27.00 180.00 207.00 OK
r-devel-windows-x86_64-gcc10-UCRT 1.0.1 ERROR
r-patched-linux-x86_64 1.0.1 17.31 151.49 168.80 OK
r-patched-solaris-x86 1.0.1 291.00 NOTE
r-release-linux-x86_64 1.0.1 18.08 150.52 168.60 OK
r-release-macos-arm64 1.0.1 NOTE
r-release-macos-x86_64 1.0.1 NOTE
r-release-windows-ix86+x86_64 1.0.1 32.00 173.00 205.00 OK
r-oldrel-macos-x86_64 1.0.1 NOTE

Check Details

Version: 1.0.1
Check: dependencies in R code
Result: NOTE
    Namespaces in Imports field not imported from:
     ‘Kendall’ ‘perm’
     All declared Imports should be used.
Flavors: r-devel-linux-x86_64-fedora-clang, r-devel-linux-x86_64-fedora-gcc, r-patched-solaris-x86, r-release-macos-arm64, r-release-macos-x86_64, r-oldrel-macos-x86_64

Version: 1.0.1
Check: package dependencies
Result: ERROR
    Package required but not available: 'survminer'
    
    See section 'The DESCRIPTION file' in the 'Writing R Extensions'
    manual.
Flavor: r-devel-windows-x86_64-gcc10-UCRT