Last updated on 2023-09-26 23:04:19 CEST.
Flavor | Version | Tinstall | Tcheck | Ttotal | Status | Flags |
---|---|---|---|---|---|---|
r-devel-linux-x86_64-debian-clang | 0.4.2 | 34.08 | 498.21 | 532.29 | OK | |
r-devel-linux-x86_64-debian-gcc | 0.4.2 | 29.29 | 357.16 | 386.45 | OK | |
r-devel-linux-x86_64-fedora-clang | 0.4.2 | 663.74 | NOTE | |||
r-devel-linux-x86_64-fedora-gcc | 0.4.2 | 698.51 | NOTE | |||
r-devel-windows-x86_64 | 0.4.2 | 33.00 | 407.00 | 440.00 | OK | |
r-patched-linux-x86_64 | 0.4.2 | 35.91 | 470.05 | 505.96 | OK | |
r-release-linux-x86_64 | 0.4.2 | 30.13 | 469.12 | 499.25 | OK | |
r-release-macos-arm64 | 0.4.2 | 188.00 | OK | |||
r-release-macos-x86_64 | 0.4.2 | 273.00 | OK | |||
r-release-windows-x86_64 | 0.4.2 | 44.00 | 502.00 | 546.00 | OK | |
r-oldrel-macos-arm64 | 0.4.2 | 160.00 | NOTE | |||
r-oldrel-macos-x86_64 | 0.4.2 | 214.00 | NOTE | |||
r-oldrel-windows-x86_64 | 0.4.2 | 45.00 | 490.00 | 535.00 | OK |
Version: 0.4.2
Check: dependencies in R code
Result: NOTE
Namespaces in Imports field not imported from:
‘glmnet’ ‘mlr3learners’ ‘rpart’
All declared Imports should be used.
Flavors: r-devel-linux-x86_64-fedora-clang, r-devel-linux-x86_64-fedora-gcc, r-oldrel-macos-arm64, r-oldrel-macos-x86_64