CRAN Package Check Results for Package NBShiny3

Last updated on 2021-05-15 22:50:18 CEST.

Flavor Version Tinstall Tcheck Ttotal Status Flags
r-devel-linux-x86_64-debian-clang 0.1.0 1.95 19.92 21.87 NOTE
r-devel-linux-x86_64-debian-gcc 0.1.0 1.72 15.86 17.58 NOTE
r-devel-linux-x86_64-fedora-clang 0.1.0 37.09 NOTE
r-devel-linux-x86_64-fedora-gcc 0.1.0 26.30 NOTE
r-devel-windows-ix86+x86_64 0.1.0 7.00 37.00 44.00 NOTE
r-devel-windows-x86_64-gcc10-UCRT 0.1.0 NOTE
r-patched-linux-x86_64 0.1.0 2.11 19.44 21.55 NOTE
r-patched-solaris-x86 0.1.0 41.60 NOTE
r-release-linux-x86_64 0.1.0 2.08 19.23 21.31 OK
r-release-macos-x86_64 0.1.0 NOTE
r-release-windows-ix86+x86_64 0.1.0 5.00 26.00 31.00 OK
r-oldrel-macos-x86_64 0.1.0 ERROR

Check Details

Version: 0.1.0
Check: LazyData
Result: NOTE
     'LazyData' is specified without a 'data' directory
Flavors: r-devel-linux-x86_64-debian-clang, r-devel-linux-x86_64-debian-gcc, r-devel-linux-x86_64-fedora-clang, r-devel-linux-x86_64-fedora-gcc, r-devel-windows-ix86+x86_64, r-devel-windows-x86_64-gcc10-UCRT, r-patched-linux-x86_64, r-patched-solaris-x86

Version: 0.1.0
Check: dependencies in R code
Result: NOTE
    Namespaces in Imports field not imported from:
     ‘caret’ ‘datasets’ ‘dplyr’ ‘e1071’ ‘rhandsontable’ ‘shiny’
     All declared Imports should be used.
Flavors: r-devel-linux-x86_64-fedora-clang, r-devel-linux-x86_64-fedora-gcc, r-devel-windows-x86_64-gcc10-UCRT, r-patched-solaris-x86, r-release-macos-x86_64

Version: 0.1.0
Check: whether package can be installed
Result: ERROR
    Installation failed.
Flavor: r-oldrel-macos-x86_64