CRAN Package Check Results for Package NCA

Last updated on 2020-01-17 22:50:58 CET.

Flavor Version Tinstall Tcheck Ttotal Status Flags
r-devel-linux-x86_64-debian-clang 3.0.2 11.93 103.36 115.29 OK
r-devel-linux-x86_64-debian-gcc 3.0.2 10.06 78.43 88.49 OK
r-devel-linux-x86_64-fedora-clang 3.0.2 140.75 WARN
r-devel-linux-x86_64-fedora-gcc 3.0.2 129.70 OK
r-devel-windows-ix86+x86_64 3.0.2 40.00 155.00 195.00 OK
r-devel-windows-ix86+x86_64-gcc8 3.0.2 25.00 154.00 179.00 OK
r-patched-linux-x86_64 3.0.2 9.40 85.72 95.12 OK
r-patched-solaris-x86 3.0.2 180.10 OK
r-release-linux-x86_64 3.0.2 10.12 86.77 96.89 OK
r-release-windows-ix86+x86_64 3.0.2 30.00 140.00 170.00 OK
r-release-osx-x86_64 3.0.2 OK
r-oldrel-windows-ix86+x86_64 3.0.2 18.00 135.00 153.00 WARN
r-oldrel-osx-x86_64 3.0.2 OK

Check Details

Version: 3.0.2
Check: package dependencies
Result: WARN
    Requires orphaned package: ‘gplots’
Flavor: r-devel-linux-x86_64-fedora-clang

Version: 3.0.2
Check: whether package can be installed
Result: WARN
    Found the following significant warnings:
     Warning: S3 methods '[.fun_list', '[.grouped_df', 'all.equal.tbl_df', 'anti_join.data.frame', 'anti_join.tbl_df', 'arrange.data.frame', 'arrange.default', 'arrange.grouped_df', 'arrange.tbl_df', 'arrange_.data.frame', 'arrange_.tbl_df', 'as.data.frame.grouped_df', 'as.data.frame.rowwise_df', 'as.data.frame.tbl_cube', 'as.table.tbl_cube', 'as.tbl.data.frame', 'as.tbl.tbl', 'as.tbl_cube.array', 'as.tbl_cube.data.frame', 'as.tbl_cube.matrix', 'as.tbl_cube.table', 'as_tibble.grouped_df', 'as_tibble.tbl_cube', 'auto_copy.tbl_cube', 'auto_copy.tbl_df', 'cbind.grouped_df', 'collapse.data.frame', 'collect.data.frame', 'common_by.NULL', 'common_by.character', 'common_by.default', 'common_by.list', 'compute.data.frame', 'copy_to.DBIConnection', 'copy_to.src_local', 'default_missing.data.frame', 'default_missing.default', 'dim.tbl_cube', 'distinct.data.frame', 'distinct.default', 'distinct.grouped_df', 'distinct.tbl_df', 'distinct_.data.frame', 'distinct_.grouped_df', 'distinct_.tbl_df', 'do.NULL', 'do.da [... truncated]
Flavor: r-oldrel-windows-ix86+x86_64