CRAN Package Check Results for Package NEONiso

Last updated on 2021-12-03 22:57:47 CET.

Flavor Version Tinstall Tcheck Ttotal Status Flags
r-devel-linux-x86_64-debian-clang 0.5.2 10.66 185.33 195.99 OK
r-devel-linux-x86_64-debian-gcc 0.5.2 8.34 138.43 146.77 OK
r-devel-linux-x86_64-fedora-clang 0.5.2 245.69 NOTE
r-devel-linux-x86_64-fedora-gcc 0.5.2 223.19 NOTE
r-devel-windows-x86_64-new-UL 0.5.2 24.00 241.00 265.00 OK
r-devel-windows-x86_64-new-TK 0.5.2 NOTE
r-devel-windows-x86_64-old 0.5.2 17.00 201.00 218.00 OK
r-patched-linux-x86_64 0.5.2 10.63 172.76 183.39 OK
r-release-linux-x86_64 0.5.2 11.00 171.70 182.70 OK
r-release-macos-arm64 0.5.2 NOTE
r-release-macos-x86_64 0.5.2 NOTE
r-release-windows-ix86+x86_64 0.5.2 21.00 246.00 267.00 OK
r-oldrel-macos-x86_64 0.5.2 ERROR
r-oldrel-windows-ix86+x86_64 0.5.2 21.00 255.00 276.00 OK

Check Details

Version: 0.5.2
Check: dependencies in R code
Result: NOTE
    Namespaces in Imports field not imported from:
     ‘downloader’ ‘jsonlite’
     All declared Imports should be used.
Flavors: r-devel-linux-x86_64-fedora-clang, r-devel-linux-x86_64-fedora-gcc, r-devel-windows-x86_64-new-TK, r-release-macos-arm64, r-release-macos-x86_64

Version: 0.5.2
Check: package dependencies
Result: ERROR
    Package required and available but unsuitable version: ‘rhdf5’
    
    See section ‘The DESCRIPTION file’ in the ‘Writing R Extensions’
    manual.
Flavor: r-oldrel-macos-x86_64