CRAN Package Check Results for Package NFCP

Last updated on 2021-06-15 22:53:50 CEST.

Flavor Version Tinstall Tcheck Ttotal Status Flags
r-devel-linux-x86_64-debian-clang 1.0.1 4.82 249.74 254.56 OK
r-devel-linux-x86_64-debian-gcc 1.0.1 4.77 199.42 204.19 OK
r-devel-linux-x86_64-fedora-clang 1.0.1 305.59 NOTE
r-devel-linux-x86_64-fedora-gcc 1.0.1 312.52 NOTE
r-devel-windows-x86_64 1.0.1 9.00 340.00 349.00 OK
r-devel-windows-x86_64-gcc10-UCRT 1.0.1 NOTE
r-patched-linux-x86_64 1.0.1 6.71 251.52 258.23 OK
r-patched-solaris-x86 1.0.1 725.10 NOTE
r-release-linux-x86_64 1.0.1 4.39 256.63 261.02 OK
r-release-macos-arm64 1.0.1 NOTE
r-release-macos-x86_64 1.0.1 NOTE
r-release-windows-ix86+x86_64 1.0.1 10.00 330.00 340.00 OK
r-oldrel-macos-x86_64 1.0.1 NOTE
r-oldrel-windows-ix86+x86_64 1.0.1 8.00 344.00 352.00 OK

Check Details

Version: 1.0.1
Check: dependencies in R code
Result: NOTE
    Namespaces in Imports field not imported from:
     ‘Rdpack’ ‘curl’ ‘mathjaxr’
     All declared Imports should be used.
Flavors: r-devel-linux-x86_64-fedora-clang, r-devel-linux-x86_64-fedora-gcc, r-devel-windows-x86_64-gcc10-UCRT, r-patched-solaris-x86, r-release-macos-arm64, r-release-macos-x86_64, r-oldrel-macos-x86_64