Last updated on 2024-03-28 23:01:51 CET.
Flavor | Version | Tinstall | Tcheck | Ttotal | Status | Flags |
---|---|---|---|---|---|---|
r-devel-linux-x86_64-debian-clang | 0.1.2 | 20.12 | 278.19 | 298.31 | NOTE | |
r-devel-linux-x86_64-debian-gcc | 0.1.2 | 14.82 | 178.29 | 193.11 | NOTE | |
r-devel-linux-x86_64-fedora-clang | 0.1.2 | 343.71 | NOTE | |||
r-devel-linux-x86_64-fedora-gcc | 0.1.2 | 341.48 | NOTE | |||
r-devel-windows-x86_64 | 0.1.2 | 16.00 | 197.00 | 213.00 | NOTE | |
r-patched-linux-x86_64 | 0.1.2 | 16.49 | 271.24 | 287.73 | NOTE | |
r-release-linux-x86_64 | 0.1.2 | 16.63 | 248.16 | 264.79 | NOTE | |
r-release-macos-arm64 | 0.1.2 | 105.00 | NOTE | |||
r-release-macos-x86_64 | 0.1.2 | 168.00 | NOTE | |||
r-release-windows-x86_64 | 0.1.2 | 21.00 | 236.00 | 257.00 | NOTE | |
r-oldrel-macos-arm64 | 0.1.2 | 115.00 | NOTE | |||
r-oldrel-windows-x86_64 | 0.1.2 | 21.00 | 241.00 | 262.00 | NOTE |
Version: 0.1.2
Check: LazyData
Result: NOTE
'LazyData' is specified without a 'data' directory
Flavors: r-devel-linux-x86_64-debian-clang, r-devel-linux-x86_64-debian-gcc, r-devel-linux-x86_64-fedora-clang, r-devel-linux-x86_64-fedora-gcc, r-devel-windows-x86_64, r-patched-linux-x86_64, r-release-linux-x86_64, r-release-macos-arm64, r-release-macos-x86_64, r-release-windows-x86_64, r-oldrel-macos-arm64, r-oldrel-windows-x86_64