CRAN Package Check Results for Package NMdata

Last updated on 2021-11-28 22:51:21 CET.

Flavor Version Tinstall Tcheck Ttotal Status Flags
r-devel-linux-x86_64-debian-clang 0.0.9 OK
r-devel-linux-x86_64-debian-gcc 0.0.9 4.78 59.21 63.99 OK
r-devel-linux-x86_64-fedora-clang 0.0.9 118.75 NOTE
r-devel-linux-x86_64-fedora-gcc 0.0.9 96.67 OK
r-devel-windows-x86_64-new-UL 0.0.9 24.00 132.00 156.00 NOTE
r-devel-windows-x86_64-new-TK 0.0.9 OK
r-devel-windows-x86_64-old 0.0.9 11.00 85.00 96.00 NOTE
r-patched-linux-x86_64 0.0.9 7.73 72.27 80.00 OK
r-patched-solaris-x86 0.0.9 109.80 NOTE
r-release-linux-x86_64 0.0.9 6.37 74.12 80.49 OK
r-release-macos-arm64 0.0.9 NOTE
r-release-macos-x86_64 0.0.9 NOTE
r-release-windows-ix86+x86_64 0.0.9 14.00 92.00 106.00 NOTE
r-oldrel-macos-x86_64 0.0.9 NOTE
r-oldrel-windows-ix86+x86_64 0.0.9 10.00 92.00 102.00 NOTE

Check Details

Version: 0.0.9
Check: installed package size
Result: NOTE
     installed size is 7.2Mb
     sub-directories of 1Mb or more:
     examples 5.8Mb
Flavors: r-devel-linux-x86_64-fedora-clang, r-devel-windows-x86_64-new-UL, r-devel-windows-x86_64-old, r-patched-solaris-x86, r-release-macos-arm64, r-release-macos-x86_64, r-release-windows-ix86+x86_64, r-oldrel-macos-x86_64, r-oldrel-windows-ix86+x86_64