CRAN Package Check Results for Package NNS

Last updated on 2024-02-25 23:02:14 CET.

Flavor Version Tinstall Tcheck Ttotal Status Flags
r-devel-linux-x86_64-debian-clang 10.6 67.31 345.28 412.59 NOTE
r-devel-linux-x86_64-debian-gcc 10.6 55.10 243.62 298.72 NOTE
r-devel-linux-x86_64-fedora-clang 10.6 525.87 NOTE
r-devel-linux-x86_64-fedora-gcc 10.6 502.98 NOTE
r-devel-windows-x86_64 10.5 60.00 264.00 324.00 NOTE
r-patched-linux-x86_64 10.6 68.54 319.97 388.51 NOTE
r-release-linux-x86_64 10.6 65.23 312.66 377.89 NOTE
r-release-macos-arm64 10.6 152.00 NOTE
r-release-macos-x86_64 10.6 227.00 NOTE
r-release-windows-x86_64 10.6 66.00 325.00 391.00 NOTE
r-oldrel-macos-arm64 10.6 143.00 NOTE
r-oldrel-windows-x86_64 10.6 73.00 330.00 403.00 NOTE

Additional issues

Intel

Check Details

Version: 10.6
Check: for GNU extensions in Makefiles
Result: NOTE GNU make is a SystemRequirements. Flavors: r-devel-linux-x86_64-debian-clang, r-devel-linux-x86_64-debian-gcc, r-devel-linux-x86_64-fedora-clang, r-devel-linux-x86_64-fedora-gcc, r-patched-linux-x86_64, r-release-linux-x86_64, r-release-macos-arm64, r-release-macos-x86_64, r-release-windows-x86_64, r-oldrel-macos-arm64, r-oldrel-windows-x86_64

Version: 10.5
Check: for GNU extensions in Makefiles
Result: NOTE GNU make is a SystemRequirements. Flavor: r-devel-windows-x86_64