Last updated on 2024-03-28 23:01:51 CET.
Flavor | Version | Tinstall | Tcheck | Ttotal | Status | Flags |
---|---|---|---|---|---|---|
r-devel-linux-x86_64-debian-clang | 3.1.1 | 93.24 | 154.76 | 248.00 | NOTE | |
r-devel-linux-x86_64-debian-gcc | 3.1.1 | 74.01 | 112.36 | 186.37 | NOTE | |
r-devel-linux-x86_64-fedora-clang | 3.1.1 | 329.52 | NOTE | |||
r-devel-linux-x86_64-fedora-gcc | 3.1.1 | 331.88 | NOTE | |||
r-devel-windows-x86_64 | 3.1.1 | 67.00 | 129.00 | 196.00 | NOTE | |
r-patched-linux-x86_64 | 3.1.1 | 102.00 | 151.54 | 253.54 | NOTE | |
r-release-linux-x86_64 | 3.1.1 | 86.16 | 131.76 | 217.92 | NOTE | |
r-release-macos-arm64 | 3.1.1 | 81.00 | NOTE | |||
r-release-macos-x86_64 | 3.1.1 | 130.00 | NOTE | |||
r-release-windows-x86_64 | 3.1.1 | 87.00 | 159.00 | 246.00 | NOTE | |
r-oldrel-macos-arm64 | 3.1.1 | 122.00 | OK | |||
r-oldrel-windows-x86_64 | 3.1.1 | 85.00 | 154.00 | 239.00 | OK |
Version: 3.1.1
Check: C++ specification
Result: NOTE
Specified C++11: please drop specification unless essential
Flavors: r-devel-linux-x86_64-debian-clang, r-devel-linux-x86_64-debian-gcc, r-devel-linux-x86_64-fedora-clang, r-devel-linux-x86_64-fedora-gcc, r-devel-windows-x86_64, r-patched-linux-x86_64, r-release-linux-x86_64, r-release-macos-arm64, r-release-macos-x86_64, r-release-windows-x86_64
Version: 3.1.1
Check: Rd files
Result: NOTE
checkRd: (-1) plot.regression.circular.Rd:35: Lost braces
35 | code{plot.type="circle"} and \code{x} is the output of \code{\link{kern.reg.circ.lin}}) or to \code{\link{lines3d}} (if \code{plot.type="circle"})
| ^
Flavors: r-devel-linux-x86_64-debian-clang, r-devel-linux-x86_64-debian-gcc, r-devel-linux-x86_64-fedora-clang, r-devel-linux-x86_64-fedora-gcc, r-devel-windows-x86_64, r-patched-linux-x86_64