Last updated on 2023-09-28 23:08:52 CEST.
Flavor | Version | Tinstall | Tcheck | Ttotal | Status | Flags |
---|---|---|---|---|---|---|
r-devel-linux-x86_64-debian-clang | 0.2.0.1 | 87.40 | 116.01 | 203.41 | NOTE | |
r-devel-linux-x86_64-debian-gcc | 0.2.0.1 | 61.48 | 84.32 | 145.80 | NOTE | |
r-devel-linux-x86_64-fedora-clang | 0.2.0.1 | 275.89 | NOTE | |||
r-devel-linux-x86_64-fedora-gcc | 0.2.0.1 | 284.02 | NOTE | |||
r-devel-windows-x86_64 | 0.2.0.1 | 66.00 | 159.00 | 225.00 | NOTE | |
r-patched-linux-x86_64 | 0.2.0.1 | 89.49 | 111.14 | 200.63 | NOTE | |
r-release-linux-x86_64 | 0.2.0.1 | 88.90 | 111.74 | 200.64 | NOTE | |
r-release-macos-arm64 | 0.2.0.1 | 71.00 | NOTE | |||
r-release-macos-x86_64 | 0.2.0.1 | 119.00 | NOTE | |||
r-release-windows-x86_64 | 0.2.0.1 | 84.00 | 161.00 | 245.00 | NOTE | |
r-oldrel-macos-arm64 | 0.2.0.1 | 78.00 | OK | |||
r-oldrel-macos-x86_64 | 0.2.0.1 | 87.00 | OK | |||
r-oldrel-windows-x86_64 | 0.2.0.1 | 81.00 | 178.00 | 259.00 | OK |
Version: 0.2.0.1
Check: C++ specification
Result: NOTE
Specified C++11: please drop specification unless essential
Flavors: r-devel-linux-x86_64-debian-clang, r-devel-linux-x86_64-debian-gcc, r-devel-linux-x86_64-fedora-clang, r-devel-linux-x86_64-fedora-gcc, r-devel-windows-x86_64, r-patched-linux-x86_64, r-release-linux-x86_64, r-release-macos-arm64, r-release-macos-x86_64, r-release-windows-x86_64