Last updated on 2023-10-01 23:03:52 CEST.
Flavor | Version | Tinstall | Tcheck | Ttotal | Status | Flags |
---|---|---|---|---|---|---|
r-devel-linux-x86_64-debian-clang | 1.2.7 | 171.54 | 149.90 | 321.44 | OK | |
r-devel-linux-x86_64-debian-gcc | 1.2.7 | 133.86 | 114.68 | 248.54 | OK | |
r-devel-linux-x86_64-fedora-clang | 1.2.7 | 462.59 | OK | |||
r-devel-linux-x86_64-fedora-gcc | 1.2.7 | 482.61 | OK | |||
r-devel-windows-x86_64 | 1.2.7 | 130.00 | 144.00 | 274.00 | OK | |
r-patched-linux-x86_64 | 1.2.7 | 176.79 | 145.13 | 321.92 | OK | |
r-release-linux-x86_64 | 1.2.7 | 174.93 | 144.90 | 319.83 | OK | |
r-release-macos-arm64 | 1.2.7 | 107.00 | NOTE | |||
r-release-macos-x86_64 | 1.2.7 | 139.00 | NOTE | |||
r-release-windows-x86_64 | 1.2.7 | 168.00 | 177.00 | 345.00 | OK | |
r-oldrel-macos-arm64 | 1.2.7 | 89.00 | NOTE | |||
r-oldrel-macos-x86_64 | 1.2.7 | 137.00 | NOTE | |||
r-oldrel-windows-x86_64 | 1.2.7 | 162.00 | 182.00 | 344.00 | OK |
Version: 1.2.7
Check: installed package size
Result: NOTE
installed size is 8.3Mb
sub-directories of 1Mb or more:
doc 1.7Mb
libs 5.5Mb
Flavors: r-release-macos-arm64, r-release-macos-x86_64, r-oldrel-macos-arm64, r-oldrel-macos-x86_64