CRAN Package Check Results for Package NetSci

Last updated on 2021-11-30 22:54:37 CET.

Flavor Version Tinstall Tcheck Ttotal Status Flags
r-devel-linux-x86_64-debian-clang 0.1.1 5.42 73.14 78.56 OK
r-devel-linux-x86_64-debian-gcc 0.1.1 4.37 61.26 65.63 OK
r-devel-linux-x86_64-fedora-clang 0.1.1 104.21 NOTE
r-devel-linux-x86_64-fedora-gcc 0.1.1 92.77 NOTE
r-devel-windows-x86_64-new-UL 0.1.1 12.00 115.00 127.00 OK
r-devel-windows-x86_64-new-TK 0.1.1 NOTE
r-devel-windows-x86_64-old 0.1.1 10.00 73.00 83.00 OK
r-patched-linux-x86_64 0.1.1 4.79 68.30 73.09 OK
r-patched-solaris-x86 0.1.1 129.40 NOTE
r-release-linux-x86_64 0.1.1 5.76 69.20 74.96 OK
r-release-macos-arm64 0.1.1 ERROR
r-release-macos-x86_64 0.1.1 ERROR
r-release-windows-ix86+x86_64 0.1.1 14.00 99.00 113.00 OK
r-oldrel-macos-x86_64 0.1.1 ERROR
r-oldrel-windows-ix86+x86_64 0.1.1 11.00 71.00 82.00 OK

Check Details

Version: 0.1.1
Check: dependencies in R code
Result: NOTE
    Namespace in Imports field not imported from: ‘CoDiNA’
     All declared Imports should be used.
Flavors: r-devel-linux-x86_64-fedora-clang, r-devel-linux-x86_64-fedora-gcc, r-devel-windows-x86_64-new-TK, r-patched-solaris-x86

Version: 0.1.1
Check: package dependencies
Result: ERROR
    Package required but not available: ‘BiRewire’
    
    See section ‘The DESCRIPTION file’ in the ‘Writing R Extensions’
    manual.
Flavors: r-release-macos-arm64, r-release-macos-x86_64, r-oldrel-macos-x86_64