CRAN Package Check Results for Package NetworkChange

Last updated on 2021-05-14 23:50:53 CEST.

Flavor Version Tinstall Tcheck Ttotal Status Flags
r-devel-linux-x86_64-debian-clang 0.7 21.12 170.07 191.19 OK --no-vignettes
r-devel-linux-x86_64-debian-gcc 0.7 18.83 126.11 144.94 OK --no-vignettes
r-devel-linux-x86_64-fedora-clang 0.7 1436.43 NOTE
r-devel-linux-x86_64-fedora-gcc 0.7 1486.13 NOTE
r-devel-windows-ix86+x86_64 0.7 55.00 1418.00 1473.00 OK
r-devel-windows-x86_64-gcc10-UCRT 0.7 NOTE
r-patched-linux-x86_64 0.7 21.58 160.45 182.03 OK --no-vignettes
r-patched-solaris-x86 0.7 1738.10 NOTE
r-release-linux-x86_64 0.7 22.73 154.87 177.60 OK --no-vignettes
r-release-macos-x86_64 0.7 NOTE
r-release-windows-ix86+x86_64 0.7 40.00 1226.00 1266.00 OK
r-oldrel-macos-x86_64 0.7 NOTE
r-oldrel-windows-ix86+x86_64 0.7 30.00 1367.00 1397.00 OK

Check Details

Version: 0.7
Check: dependencies in R code
Result: NOTE
    Namespace in Imports field not imported from: ‘sna’
     All declared Imports should be used.
Flavors: r-devel-linux-x86_64-fedora-clang, r-devel-linux-x86_64-fedora-gcc, r-devel-windows-x86_64-gcc10-UCRT, r-patched-solaris-x86, r-release-macos-x86_64, r-oldrel-macos-x86_64

Version: 0.7
Check: installed package size
Result: NOTE
     installed size is 5.0Mb
     sub-directories of 1Mb or more:
     doc 4.5Mb
Flavor: r-patched-solaris-x86