CRAN Package Check Results for Package NetworkChange

Last updated on 2021-12-01 22:53:18 CET.

Flavor Version Tinstall Tcheck Ttotal Status Flags
r-devel-linux-x86_64-debian-clang 0.7 25.68 190.87 216.55 OK --no-vignettes
r-devel-linux-x86_64-debian-gcc 0.7 21.31 142.61 163.92 OK --no-vignettes
r-devel-linux-x86_64-fedora-clang 0.7 1511.02 NOTE
r-devel-linux-x86_64-fedora-gcc 0.7 1568.04 NOTE
r-devel-windows-x86_64-new-UL 0.7 47.00 1335.00 1382.00 OK
r-devel-windows-x86_64-new-TK 0.7 NOTE --no-vignettes
r-devel-windows-x86_64-old 0.7 42.00 1104.00 1146.00 OK
r-patched-linux-x86_64 0.7 28.10 179.47 207.57 OK --no-vignettes
r-patched-solaris-x86 0.7 355.00 NOTE
r-release-linux-x86_64 0.7 24.51 179.73 204.24 OK --no-vignettes
r-release-macos-arm64 0.7 NOTE
r-release-macos-x86_64 0.7 NOTE
r-release-windows-ix86+x86_64 0.7 60.00 1461.00 1521.00 OK
r-oldrel-macos-x86_64 0.7 NOTE
r-oldrel-windows-ix86+x86_64 0.7 59.00 1444.00 1503.00 OK

Check Details

Version: 0.7
Check: dependencies in R code
Result: NOTE
    Namespace in Imports field not imported from: ‘sna’
     All declared Imports should be used.
Flavors: r-devel-linux-x86_64-fedora-clang, r-devel-linux-x86_64-fedora-gcc, r-patched-solaris-x86, r-release-macos-arm64, r-release-macos-x86_64, r-oldrel-macos-x86_64

Version: 0.7
Flags: --no-vignettes
Check: dependencies in R code
Result: NOTE
    Namespace in Imports field not imported from: 'sna'
     All declared Imports should be used.
Flavor: r-devel-windows-x86_64-new-TK

Version: 0.7
Check: installed package size
Result: NOTE
     installed size is 5.0Mb
     sub-directories of 1Mb or more:
     doc 4.5Mb
Flavor: r-patched-solaris-x86