CRAN Package Check Results for Package NetworkDistance

Last updated on 2024-06-13 22:49:37 CEST.

Flavor Version Tinstall Tcheck Ttotal Status Flags
r-devel-linux-x86_64-debian-clang 0.3.4 68.74 125.14 193.88 NOTE
r-devel-linux-x86_64-debian-gcc 0.3.4 0.38 1.84 2.22 ERROR
r-devel-linux-x86_64-fedora-clang 0.3.4 264.03 NOTE
r-devel-linux-x86_64-fedora-gcc 0.3.4 271.31 NOTE
r-devel-windows-x86_64 0.3.4 56.00 151.00 207.00 NOTE
r-patched-linux-x86_64 0.3.4 59.24 124.22 183.46 NOTE
r-release-linux-x86_64 0.3.4 57.32 124.72 182.04 NOTE
r-release-macos-arm64 0.3.4 71.00 NOTE
r-release-macos-x86_64 0.3.4 98.00 NOTE
r-release-windows-x86_64 0.3.4 55.00 152.00 207.00 NOTE
r-oldrel-macos-arm64 0.3.4 81.00 NOTE
r-oldrel-macos-x86_64 0.3.4 125.00 NOTE
r-oldrel-windows-x86_64 0.3.4 65.00 171.00 236.00 NOTE

Check Details

Version: 0.3.4
Check: C++ specification
Result: NOTE Specified C++11: please drop specification unless essential Flavors: r-devel-linux-x86_64-debian-clang, r-devel-linux-x86_64-fedora-clang, r-devel-linux-x86_64-fedora-gcc, r-devel-windows-x86_64, r-patched-linux-x86_64, r-release-linux-x86_64, r-release-macos-arm64, r-release-macos-x86_64, r-release-windows-x86_64, r-oldrel-macos-arm64, r-oldrel-macos-x86_64, r-oldrel-windows-x86_64

Version: 0.3.4
Check: package dependencies
Result: ERROR Packages required but not available: 'igraph', 'network' See section ‘The DESCRIPTION file’ in the ‘Writing R Extensions’ manual. Flavor: r-devel-linux-x86_64-debian-gcc