CRAN Package Check Results for Package NetworkInference

Last updated on 2023-10-01 23:03:52 CEST.

Flavor Version Tinstall Tcheck Ttotal Status Flags
r-devel-linux-x86_64-debian-clang 1.2.4 66.59 112.10 178.69 NOTE
r-devel-linux-x86_64-debian-gcc 1.2.4 43.47 82.61 126.08 NOTE
r-devel-linux-x86_64-fedora-clang 1.2.4 247.83 NOTE
r-devel-linux-x86_64-fedora-gcc 1.2.4 248.88 NOTE
r-devel-windows-x86_64 1.2.4 50.00 118.00 168.00 NOTE
r-patched-linux-x86_64 1.2.4 42.70 105.53 148.23 NOTE
r-release-linux-x86_64 1.2.4 45.68 106.60 152.28 NOTE
r-release-macos-arm64 1.2.4 72.00 NOTE
r-release-macos-x86_64 1.2.4 113.00 NOTE
r-release-windows-x86_64 1.2.4 64.00 139.00 203.00 NOTE
r-oldrel-macos-arm64 1.2.4 60.00 OK
r-oldrel-macos-x86_64 1.2.4 90.00 OK
r-oldrel-windows-x86_64 1.2.4 63.00 141.00 204.00 OK

Check Details

Version: 1.2.4
Check: C++ specification
Result: NOTE
     Specified C++11: please drop specification unless essential
Flavors: r-devel-linux-x86_64-debian-clang, r-devel-linux-x86_64-debian-gcc, r-devel-linux-x86_64-fedora-clang, r-devel-linux-x86_64-fedora-gcc, r-devel-windows-x86_64, r-patched-linux-x86_64, r-release-linux-x86_64, r-release-macos-arm64, r-release-macos-x86_64, r-release-windows-x86_64