CRAN Package Check Results for Package NitrogenUptake2016

Last updated on 2024-06-13 22:49:37 CEST.

Flavor Version Tinstall Tcheck Ttotal Status Flags
r-devel-linux-x86_64-debian-clang 0.2.3 4.14 36.73 40.87 OK
r-devel-linux-x86_64-debian-gcc 0.2.3 0.44 1.93 2.37 ERROR
r-devel-linux-x86_64-fedora-clang 0.2.3 53.24 OK
r-devel-linux-x86_64-fedora-gcc 0.2.3 116.24 OK
r-devel-windows-x86_64 0.2.3 5.00 52.00 57.00 OK
r-patched-linux-x86_64 0.2.3 2.42 35.62 38.04 OK
r-release-linux-x86_64 0.2.3 3.48 36.29 39.77 OK
r-release-macos-arm64 0.2.3 39.00 OK
r-release-macos-x86_64 0.2.3 58.00 OK
r-release-windows-x86_64 0.2.3 5.00 52.00 57.00 OK
r-oldrel-macos-arm64 0.2.3 39.00 OK
r-oldrel-macos-x86_64 0.2.3 60.00 OK
r-oldrel-windows-x86_64 0.2.3 5.00 57.00 62.00 OK

Check Details

Version: 0.2.3
Check: package dependencies
Result: ERROR Package required but not available: ‘car’ Packages suggested but not available for checking: 'reshape2', 'ggplot2', 'rsq' See section ‘The DESCRIPTION file’ in the ‘Writing R Extensions’ manual. Flavor: r-devel-linux-x86_64-debian-gcc