CRAN Package Check Results for Package NlsyLinks

Last updated on 2019-09-14 22:48:31 CEST.

Flavor Version Tinstall Tcheck Ttotal Status Flags
r-devel-linux-x86_64-debian-clang 2.0.6 6.21 116.03 122.24 OK
r-devel-linux-x86_64-debian-gcc 2.0.6 4.91 96.29 101.20 OK
r-devel-linux-x86_64-fedora-clang 2.0.6 174.37 NOTE
r-devel-linux-x86_64-fedora-gcc 2.0.6 146.05 OK
r-devel-windows-ix86+x86_64 2.0.6 21.00 189.00 210.00 NOTE
r-patched-linux-x86_64 2.0.6 5.53 112.57 118.10 OK
r-patched-solaris-x86 2.0.6 377.40 NOTE
r-release-linux-x86_64 2.0.6 5.77 112.63 118.40 OK
r-release-windows-ix86+x86_64 2.0.6 14.00 140.00 154.00 NOTE
r-release-osx-x86_64 2.0.6 NOTE
r-oldrel-windows-ix86+x86_64 2.0.6 12.00 116.00 128.00 NOTE
r-oldrel-osx-x86_64 2.0.6 NOTE

Check Details

Version: 2.0.6
Check: installed package size
Result: NOTE
     installed size is 8.6Mb
     sub-directories of 1Mb or more:
     data 4.3Mb
     reports 2.3Mb
Flavors: r-devel-linux-x86_64-fedora-clang, r-devel-windows-ix86+x86_64, r-patched-solaris-x86, r-release-windows-ix86+x86_64, r-release-osx-x86_64, r-oldrel-windows-ix86+x86_64, r-oldrel-osx-x86_64