CRAN Package Check Results for Package NlsyLinks

Last updated on 2020-01-17 22:50:58 CET.

Flavor Version Tinstall Tcheck Ttotal Status Flags
r-devel-linux-x86_64-debian-clang 2.0.6 6.78 123.22 130.00 OK
r-devel-linux-x86_64-debian-gcc 2.0.6 5.02 100.48 105.50 OK
r-devel-linux-x86_64-fedora-clang 2.0.6 159.42 NOTE
r-devel-linux-x86_64-fedora-gcc 2.0.6 158.93 OK
r-devel-windows-ix86+x86_64 2.0.6 19.00 197.00 216.00 NOTE
r-devel-windows-ix86+x86_64-gcc8 2.0.6 13.00 186.00 199.00 NOTE
r-patched-linux-x86_64 2.0.6 5.27 112.68 117.95 OK
r-patched-solaris-x86 2.0.6 407.70 NOTE
r-release-linux-x86_64 2.0.6 5.45 113.46 118.91 OK
r-release-windows-ix86+x86_64 2.0.6 16.00 189.00 205.00 NOTE
r-release-osx-x86_64 2.0.6 NOTE
r-oldrel-windows-ix86+x86_64 2.0.6 14.00 114.00 128.00 NOTE
r-oldrel-osx-x86_64 2.0.6 NOTE

Check Details

Version: 2.0.6
Check: installed package size
Result: NOTE
     installed size is 8.6Mb
     sub-directories of 1Mb or more:
     data 4.3Mb
     reports 2.3Mb
Flavors: r-devel-linux-x86_64-fedora-clang, r-devel-windows-ix86+x86_64, r-devel-windows-ix86+x86_64-gcc8, r-patched-solaris-x86, r-release-windows-ix86+x86_64, r-release-osx-x86_64, r-oldrel-windows-ix86+x86_64, r-oldrel-osx-x86_64