CRAN Package Check Results for Package NonProbEst

Last updated on 2021-05-16 22:49:59 CEST.

Flavor Version Tinstall Tcheck Ttotal Status Flags
r-devel-linux-x86_64-debian-clang 0.2.4 11.74 155.49 167.23 OK
r-devel-linux-x86_64-debian-gcc 0.2.4 11.59 117.89 129.48 OK
r-devel-linux-x86_64-fedora-clang 0.2.4 215.57 NOTE
r-devel-linux-x86_64-fedora-gcc 0.2.4 205.42 NOTE
r-devel-windows-ix86+x86_64 0.2.4 32.00 145.00 177.00 OK
r-devel-windows-x86_64-gcc10-UCRT 0.2.4 NOTE
r-patched-linux-x86_64 0.2.4 12.87 147.66 160.53 OK
r-patched-solaris-x86 0.2.4 288.80 NOTE
r-release-linux-x86_64 0.2.4 12.85 147.05 159.90 OK
r-release-macos-x86_64 0.2.4 NOTE
r-release-windows-ix86+x86_64 0.2.4 21.00 140.00 161.00 OK
r-oldrel-macos-x86_64 0.2.4 NOTE
r-oldrel-windows-ix86+x86_64 0.2.4 21.00 188.00 209.00 OK

Check Details

Version: 0.2.4
Check: dependencies in R code
Result: NOTE
    Namespaces in Imports field not imported from:
     ‘Matrix’ ‘e1071’ ‘glmnet’
     All declared Imports should be used.
Flavors: r-devel-linux-x86_64-fedora-clang, r-devel-linux-x86_64-fedora-gcc, r-devel-windows-x86_64-gcc10-UCRT, r-patched-solaris-x86, r-release-macos-x86_64, r-oldrel-macos-x86_64