CRAN Package Check Results for Package Numero

Last updated on 2021-08-03 22:53:33 CEST.

Flavor Version Tinstall Tcheck Ttotal Status Flags
r-devel-linux-x86_64-debian-clang 1.8.2 427.77 90.14 517.91 OK
r-devel-linux-x86_64-debian-gcc 1.8.2 252.69 69.89 322.58 OK
r-devel-linux-x86_64-fedora-clang 1.8.2 861.94 NOTE
r-devel-linux-x86_64-fedora-gcc 1.8.2 623.93 OK
r-devel-windows-x86_64 1.8.2 403.00 144.00 547.00 NOTE
r-devel-windows-x86_64-gcc10-UCRT 1.8.2 OK
r-patched-linux-x86_64 1.8.2 302.33 90.47 392.80 OK
r-patched-solaris-x86 1.8.2 463.10 NOTE
r-release-linux-x86_64 1.8.2 309.82 89.72 399.54 OK
r-release-macos-arm64 1.8.2 NOTE
r-release-macos-x86_64 1.8.2 NOTE
r-release-windows-ix86+x86_64 1.8.2 959.00 194.00 1153.00 NOTE
r-oldrel-macos-x86_64 1.8.2 NOTE
r-oldrel-windows-ix86+x86_64 1.8.2 683.00 146.00 829.00 NOTE

Check Details

Version: 1.8.2
Check: installed package size
Result: NOTE
     installed size is 23.2Mb
     sub-directories of 1Mb or more:
     doc 5.3Mb
     libs 17.5Mb
Flavors: r-devel-linux-x86_64-fedora-clang, r-devel-windows-x86_64, r-patched-solaris-x86, r-release-macos-arm64, r-release-macos-x86_64, r-release-windows-ix86+x86_64, r-oldrel-macos-x86_64, r-oldrel-windows-ix86+x86_64