Last updated on 2024-03-28 23:01:51 CET.
Flavor | Version | Tinstall | Tcheck | Ttotal | Status | Flags |
---|---|---|---|---|---|---|
r-devel-linux-x86_64-debian-clang | 1.2.1 | 105.79 | 560.33 | 666.12 | OK | |
r-devel-linux-x86_64-debian-gcc | 1.2.1 | 83.12 | 405.40 | 488.52 | OK | |
r-devel-linux-x86_64-fedora-clang | 1.2.1 | 803.64 | OK | |||
r-devel-linux-x86_64-fedora-gcc | 1.2.1 | 794.33 | OK | |||
r-devel-windows-x86_64 | 1.2.1 | 83.00 | 356.00 | 439.00 | OK | |
r-patched-linux-x86_64 | 1.2.1 | 101.20 | 530.61 | 631.81 | OK | |
r-release-linux-x86_64 | 1.2.1 | 93.72 | 518.13 | 611.85 | OK | |
r-release-macos-arm64 | 1.2.1 | 169.00 | NOTE | |||
r-release-macos-x86_64 | 1.2.1 | 389.00 | NOTE | |||
r-release-windows-x86_64 | 1.2.1 | 110.00 | 498.00 | 608.00 | NOTE | |
r-oldrel-macos-arm64 | 1.2.1 | 181.00 | NOTE | |||
r-oldrel-windows-x86_64 | 1.2.1 | 109.00 | 488.00 | 597.00 | NOTE |
Version: 1.2.1
Check: installed package size
Result: NOTE
installed size is 5.9Mb
sub-directories of 1Mb or more:
data 2.6Mb
libs 1.9Mb
Flavors: r-release-macos-arm64, r-release-macos-x86_64, r-release-windows-x86_64, r-oldrel-macos-arm64, r-oldrel-windows-x86_64