CRAN Package Check Results for Package ODEnetwork

Last updated on 2024-07-23 22:49:45 CEST.

Flavor Version Tinstall Tcheck Ttotal Status Flags
r-devel-linux-x86_64-debian-clang 1.3.2 2.97 39.85 42.82 NOTE
r-devel-linux-x86_64-debian-gcc 1.3.2 2.54 30.81 33.35 NOTE
r-devel-linux-x86_64-fedora-clang 1.3.2 57.45 NOTE
r-devel-linux-x86_64-fedora-gcc 1.3.2 67.40 NOTE
r-devel-windows-x86_64 1.3.2 5.00 53.00 58.00 NOTE
r-patched-linux-x86_64 1.3.2 4.77 39.33 44.10 NOTE
r-release-linux-x86_64 1.3.2 3.49 39.53 43.02 NOTE
r-release-macos-arm64 1.3.2 26.00 NOTE
r-release-macos-x86_64 1.3.2 37.00 NOTE
r-release-windows-x86_64 1.3.2 3.00 51.00 54.00 NOTE
r-oldrel-macos-arm64 1.3.2 26.00 NOTE
r-oldrel-macos-x86_64 1.3.2 33.00 NOTE
r-oldrel-windows-x86_64 1.3.2 4.00 56.00 60.00 NOTE

Check Details

Version: 1.3.2
Check: LazyData
Result: NOTE 'LazyData' is specified without a 'data' directory Flavors: r-devel-linux-x86_64-debian-clang, r-devel-linux-x86_64-debian-gcc, r-devel-linux-x86_64-fedora-clang, r-devel-linux-x86_64-fedora-gcc, r-devel-windows-x86_64, r-patched-linux-x86_64, r-release-linux-x86_64, r-release-macos-arm64, r-release-macos-x86_64, r-release-windows-x86_64, r-oldrel-macos-arm64, r-oldrel-macos-x86_64, r-oldrel-windows-x86_64

Version: 1.3.2
Check: Rd cross-references
Result: NOTE Found the following Rd file(s) with Rd \link{} targets missing package anchors: getResult.Rd: deSolve setEvents.Rd: events Please provide package anchors for all Rd \link{} targets not in the package itself and the base packages. Flavors: r-devel-linux-x86_64-debian-gcc, r-devel-windows-x86_64